{"id":9778,"date":"2014-01-09T13:57:22","date_gmt":"2014-01-09T13:57:22","guid":{"rendered":"http:\/\/www.spsressources.ch\/wordpress\/?page_id=9778"},"modified":"2014-03-04T13:23:50","modified_gmt":"2014-03-04T13:23:50","slug":"daniel-thommet-emission-du-30-06-2007-france-2","status":"publish","type":"page","link":"https:\/\/www.spsressources.ch\/wordpress\/?page_id=9778","title":{"rendered":"Daniel Thommet, \u00e9mission du 30.06.2007, France 2"},"content":{"rendered":"<p><span style=\"text-decoration: underline;\"><span style=\"color: #800080;\"><a href=\"http:\/\/www.youtube.com\/watch?v=6NKZcQClsxE\"><span style=\"color: #800080; text-decoration: underline;\">Cliquez ici pour voir l&rsquo;extrait 2<\/span><\/a><\/span><\/span>\u00a0de l&rsquo;\u00e9mission sur France 2<\/p>\n<p>\u00ab\u00a0On n&rsquo;est pas couch\u00e9\u00a0\u00bb du 30.07. 2007<\/p>\n<p><a href=\"http:\/\/www.youtube.com\/watch?v=6NKZcQClsxE\"><img loading=\"lazy\" decoding=\"async\" class=\"alignnone size-full wp-image-9886\" title=\"Image 20\" src=\"http:\/\/www.spsressources.ch\/wordpress\/wp-content\/uploads\/2014\/01\/Image-20.png\" alt=\"\" width=\"225\" height=\"179\" srcset=\"https:\/\/www.spsressources.ch\/wordpress\/wp-content\/uploads\/2014\/01\/Image-20.png 375w, https:\/\/www.spsressources.ch\/wordpress\/wp-content\/uploads\/2014\/01\/Image-20-300x238.png 300w\" sizes=\"auto, (max-width: 225px) 100vw, 225px\" \/><\/a><\/p>\n<p id=\"watch-uploader-info\"><strong>le\u00a02 juil. 2007<\/strong>\u00a0Daniel Tammet vient faire la promotion de son livre \u00ab\u00a0Je suis n\u00e9 un jour bleu \u00ab\u00a0(A l&rsquo;int\u00e9rieur du cerveau extraordinaire d&rsquo;un savant autiste).<\/p>\n<div id=\"watch-description-text\">\n<p>Daniel Tammet, n\u00e9 \u00e0 Londres le 31 janvier 1979, est un calculateur prodige atteint d&rsquo;une forme particuli\u00e8re d&rsquo;autisme (appel\u00e9e syndrome d&rsquo;Asperger) connu aussi pour ses capacit\u00e9s linguistiques et de m\u00e9morisation.<\/p>\n<\/div>\n","protected":false},"excerpt":{"rendered":"<p>Cliquez ici pour voir l&rsquo;extrait 2\u00a0de l&rsquo;\u00e9mission sur France 2 \u00ab\u00a0On n&rsquo;est pas couch\u00e9\u00a0\u00bb du 30.07. 2007 le\u00a02 juil. 2007\u00a0Daniel Tammet vient faire la promotion de son livre \u00ab\u00a0Je suis n\u00e9 un jour bleu \u00ab\u00a0(A l&rsquo;int\u00e9rieur du cerveau extraordinaire d&rsquo;un &hellip; <a href=\"https:\/\/www.spsressources.ch\/wordpress\/?page_id=9778\">Continuer la lecture <span class=\"meta-nav\">&rarr;<\/span><\/a><\/p>\n","protected":false},"author":3472,"featured_media":0,"parent":4042,"menu_order":0,"comment_status":"open","ping_status":"closed","template":"","meta":{"footnotes":""},"class_list":["post-9778","page","type-page","status-publish","hentry"],"_links":{"self":[{"href":"https:\/\/www.spsressources.ch\/wordpress\/index.php?rest_route=\/wp\/v2\/pages\/9778","targetHints":{"allow":["GET"]}}],"collection":[{"href":"https:\/\/www.spsressources.ch\/wordpress\/index.php?rest_route=\/wp\/v2\/pages"}],"about":[{"href":"https:\/\/www.spsressources.ch\/wordpress\/index.php?rest_route=\/wp\/v2\/types\/page"}],"author":[{"embeddable":true,"href":"https:\/\/www.spsressources.ch\/wordpress\/index.php?rest_route=\/wp\/v2\/users\/3472"}],"replies":[{"embeddable":true,"href":"https:\/\/www.spsressources.ch\/wordpress\/index.php?rest_route=%2Fwp%2Fv2%2Fcomments&post=9778"}],"version-history":[{"count":9,"href":"https:\/\/www.spsressources.ch\/wordpress\/index.php?rest_route=\/wp\/v2\/pages\/9778\/revisions"}],"predecessor-version":[{"id":9782,"href":"https:\/\/www.spsressources.ch\/wordpress\/index.php?rest_route=\/wp\/v2\/pages\/9778\/revisions\/9782"}],"up":[{"embeddable":true,"href":"https:\/\/www.spsressources.ch\/wordpress\/index.php?rest_route=\/wp\/v2\/pages\/4042"}],"wp:attachment":[{"href":"https:\/\/www.spsressources.ch\/wordpress\/index.php?rest_route=%2Fwp%2Fv2%2Fmedia&parent=9778"}],"curies":[{"name":"wp","href":"https:\/\/api.w.org\/{rel}","templated":true}]}}

Daniel Thommet, émission du 30.06.2007, France 2

<p><span style="text-decoration: underline;"><span style="color: #800080;"><a href="http://www.youtube.com/watch?v=6NKZcQClsxE"><span style="color: #800080; text-decoration: underline;">Cliquez ici pour voir l&rsquo;extrait 2</span></a></span></span> de l&rsquo;émission sur France 2</p>
<p>« On n&rsquo;est pas couché » du 30.07. 2007</p>
<p><a href="http://www.youtube.com/watch?v=6NKZcQClsxE"><img loading="lazy" decoding="async" class="alignnone size-full wp-image-9886" title="Image 20" src="http://www.spsressources.ch/wordpress/wp-content/uploads/2014/01/Image-20.png" alt="" width="225" height="179" srcset="https://www.spsressources.ch/wordpress/wp-content/uploads/2014/01/Image-20.png 375w, https://www.spsressources.ch/wordpress/wp-content/uploads/2014/01/Image-20-300x238.png 300w" sizes="auto, (max-width: 225px) 100vw, 225px" /></a></p>
<p id="watch-uploader-info"><strong>le 2 juil. 2007</strong> Daniel Tammet vient faire la promotion de son livre « Je suis né un jour bleu « (A l&rsquo;intérieur du cerveau extraordinaire d&rsquo;un savant autiste).</p>
<div id="watch-description-text">
<p>Daniel Tammet, né à Londres le 31 janvier 1979, est un calculateur prodige atteint d&rsquo;une forme particulière d&rsquo;autisme (appelée syndrome d&rsquo;Asperger) connu aussi pour ses capacités linguistiques et de mémorisation.</p>
</div>

<p>Cliquez ici pour voir l&rsquo;extrait 2 de l&rsquo;émission sur France 2 « On n&rsquo;est pas couché » du 30.07. 2007 le 2 juil. 2007 Daniel Tammet vient faire la promotion de son livre « Je suis né un jour bleu « (A l&rsquo;intérieur du cerveau extraordinaire d&rsquo;un &hellip; <a href="https://www.spsressources.ch/wordpress/?page_id=9778">Continuer la lecture <span class="meta-nav">&rarr;</span></a></p>
