{"id":773,"date":"2011-10-27T07:19:12","date_gmt":"2011-10-27T07:19:12","guid":{"rendered":"http:\/\/www.vallelian.net\/sps\/wordpress\/?page_id=773"},"modified":"2016-03-10T17:55:48","modified_gmt":"2016-03-10T17:55:48","slug":"guide-pour-le-personnel-de-la-salle-de-classe-ordinaire","status":"publish","type":"page","link":"https:\/\/www.spsressources.ch\/wordpress\/?page_id=773","title":{"rendered":"Guide pour le personnel de la salle de classe ordinaire, Ontario 2010"},"content":{"rendered":"<p><strong>Guide pour le personnel de la salle de classe ordinaire<\/strong><\/p>\n<p>par Annie Gagn\u00e9, Enseignante itin\u00e9rante pour les \u00e9l\u00e8ves ayant un TSA<\/p>\n<p>Conseil des \u00e9coles publiques de l\u2019Est de l\u2019Ontario,\u00a02010<\/p>\n<p style=\"text-align: center;\"><span style=\"text-decoration: underline;\"><span style=\"color: #800080;\"><a href=\"http:\/\/www.autisme-france.fr\/offres\/file_inline_src\/577\/577_P_21057_24.pdf\">\u00a0<span style=\"color: #800080; text-decoration: underline;\">Cliquez\u00a0ici\u00a0pour t\u00e9l\u00e9charger cette brochure<\/span><\/a><a href=\"http:\/\/www.autisme-france.fr\/offres\/file_inline_src\/577\/577_P_21057_24.pdf\"><img loading=\"lazy\" decoding=\"async\" class=\"size-full wp-image-9918 aligncenter\" title=\"Image 3\" src=\"http:\/\/www.spsressources.ch\/wordpress\/wp-content\/uploads\/2011\/10\/Image-310.png\" alt=\"\" width=\"340\" height=\"463\" srcset=\"https:\/\/www.spsressources.ch\/wordpress\/wp-content\/uploads\/2011\/10\/Image-310.png 486w, https:\/\/www.spsressources.ch\/wordpress\/wp-content\/uploads\/2011\/10\/Image-310-220x300.png 220w\" sizes=\"auto, (max-width: 340px) 100vw, 340px\" \/><\/a><\/span><\/span><\/p>\n<p>&nbsp;<\/p>\n<p style=\"text-align: center;\"><span style=\"color: #888888;\"><br \/>\n<\/span><\/p>\n","protected":false},"excerpt":{"rendered":"<p>Guide pour le personnel de la salle de classe ordinaire par Annie Gagn\u00e9, Enseignante itin\u00e9rante pour les \u00e9l\u00e8ves ayant un TSA Conseil des \u00e9coles publiques de l\u2019Est de l\u2019Ontario,\u00a02010 \u00a0Cliquez\u00a0ici\u00a0pour t\u00e9l\u00e9charger cette brochure &nbsp;<\/p>\n","protected":false},"author":3472,"featured_media":0,"parent":72,"menu_order":1,"comment_status":"open","ping_status":"closed","template":"","meta":{"footnotes":""},"class_list":["post-773","page","type-page","status-publish","hentry"],"_links":{"self":[{"href":"https:\/\/www.spsressources.ch\/wordpress\/index.php?rest_route=\/wp\/v2\/pages\/773","targetHints":{"allow":["GET"]}}],"collection":[{"href":"https:\/\/www.spsressources.ch\/wordpress\/index.php?rest_route=\/wp\/v2\/pages"}],"about":[{"href":"https:\/\/www.spsressources.ch\/wordpress\/index.php?rest_route=\/wp\/v2\/types\/page"}],"author":[{"embeddable":true,"href":"https:\/\/www.spsressources.ch\/wordpress\/index.php?rest_route=\/wp\/v2\/users\/3472"}],"replies":[{"embeddable":true,"href":"https:\/\/www.spsressources.ch\/wordpress\/index.php?rest_route=%2Fwp%2Fv2%2Fcomments&post=773"}],"version-history":[{"count":25,"href":"https:\/\/www.spsressources.ch\/wordpress\/index.php?rest_route=\/wp\/v2\/pages\/773\/revisions"}],"predecessor-version":[{"id":778,"href":"https:\/\/www.spsressources.ch\/wordpress\/index.php?rest_route=\/wp\/v2\/pages\/773\/revisions\/778"}],"up":[{"embeddable":true,"href":"https:\/\/www.spsressources.ch\/wordpress\/index.php?rest_route=\/wp\/v2\/pages\/72"}],"wp:attachment":[{"href":"https:\/\/www.spsressources.ch\/wordpress\/index.php?rest_route=%2Fwp%2Fv2%2Fmedia&parent=773"}],"curies":[{"name":"wp","href":"https:\/\/api.w.org\/{rel}","templated":true}]}}