{"id":6821,"date":"2012-12-11T22:34:53","date_gmt":"2012-12-11T22:34:53","guid":{"rendered":"http:\/\/www.spsressources.ch\/wordpress\/?page_id=6821"},"modified":"2014-03-26T13:35:46","modified_gmt":"2014-03-26T13:35:46","slug":"le-cerveau-dhugo","status":"publish","type":"page","link":"https:\/\/www.spsressources.ch\/wordpress\/?page_id=6821","title":{"rendered":"Le cerveau d&rsquo;Hugo, film docu-fiction"},"content":{"rendered":"<p>&nbsp;<\/p>\n<p style=\"text-align: center;\"><span style=\"text-decoration: underline;\"><span style=\"color: #800080;\"><span style=\"color: #800080; text-decoration: underline;\"><a href=\"http:\/\/www.youtube.com\/results?search_query=le%20cerveau%20d'hugo%20film%20complet&amp;sm=12\">Cliquez ici pour voir le film<\/a><\/span><\/span><\/span><\/p>\n<p>&nbsp;<\/p>\n<header>\n<p style=\"text-align: center;\">Docu-fiction \u00e9crit et r\u00e9alis\u00e9 par Sophie R\u00e9vil<\/p>\n<\/header>\n<figure><a href=\"http:\/\/www.youtube.com\/results?search_query=le%20cerveau%20d'hugo%20film%20complet&amp;sm=12\"><img loading=\"lazy\" decoding=\"async\" src=\"http:\/\/www.france2.fr\/emissions\/sites\/default\/files\/styles\/ftv_une_tournante_teaser\/public\/images\/une-tournante\/2012\/11\/46\/hp_cerveauhugo-10757.jpg\" alt=\"hp_cerveauhugo-10757.jpg\" width=\"700\" height=\"253\" \/><\/a><\/figure>\n<p>&nbsp;<\/p>\n<div>\n<p>Hugo est une \u00e9nigme vivante. Si vous le croisez dans la rue, vous penserez qu\u2019il est un simple d\u2019esprit. Pourtant, il est d\u2019une intelligence remarquable, c\u2019est m\u00eame un g\u00e9nie dans son domaine, le piano. Hugo est n\u00e9 avec un handicap \u00e9trange et myst\u00e9rieux : l\u2019autisme<\/p>\n<\/div>\n<p>&nbsp;<\/p>\n","protected":false},"excerpt":{"rendered":"<p>&nbsp; Cliquez ici pour voir le film &nbsp; Docu-fiction \u00e9crit et r\u00e9alis\u00e9 par Sophie R\u00e9vil &nbsp; Hugo est une \u00e9nigme vivante. Si vous le croisez dans la rue, vous penserez qu\u2019il est un simple d\u2019esprit. Pourtant, il est d\u2019une intelligence &hellip; <a href=\"https:\/\/www.spsressources.ch\/wordpress\/?page_id=6821\">Continuer la lecture <span class=\"meta-nav\">&rarr;<\/span><\/a><\/p>\n","protected":false},"author":3472,"featured_media":0,"parent":4042,"menu_order":6,"comment_status":"open","ping_status":"closed","template":"","meta":{"footnotes":""},"class_list":["post-6821","page","type-page","status-publish","hentry"],"_links":{"self":[{"href":"https:\/\/www.spsressources.ch\/wordpress\/index.php?rest_route=\/wp\/v2\/pages\/6821","targetHints":{"allow":["GET"]}}],"collection":[{"href":"https:\/\/www.spsressources.ch\/wordpress\/index.php?rest_route=\/wp\/v2\/pages"}],"about":[{"href":"https:\/\/www.spsressources.ch\/wordpress\/index.php?rest_route=\/wp\/v2\/types\/page"}],"author":[{"embeddable":true,"href":"https:\/\/www.spsressources.ch\/wordpress\/index.php?rest_route=\/wp\/v2\/users\/3472"}],"replies":[{"embeddable":true,"href":"https:\/\/www.spsressources.ch\/wordpress\/index.php?rest_route=%2Fwp%2Fv2%2Fcomments&post=6821"}],"version-history":[{"count":9,"href":"https:\/\/www.spsressources.ch\/wordpress\/index.php?rest_route=\/wp\/v2\/pages\/6821\/revisions"}],"predecessor-version":[{"id":6824,"href":"https:\/\/www.spsressources.ch\/wordpress\/index.php?rest_route=\/wp\/v2\/pages\/6821\/revisions\/6824"}],"up":[{"embeddable":true,"href":"https:\/\/www.spsressources.ch\/wordpress\/index.php?rest_route=\/wp\/v2\/pages\/4042"}],"wp:attachment":[{"href":"https:\/\/www.spsressources.ch\/wordpress\/index.php?rest_route=%2Fwp%2Fv2%2Fmedia&parent=6821"}],"curies":[{"name":"wp","href":"https:\/\/api.w.org\/{rel}","templated":true}]}}