{"id":6006,"date":"2012-10-23T19:30:41","date_gmt":"2012-10-23T19:30:41","guid":{"rendered":"http:\/\/www.spsressources.ch\/wordpress\/?page_id=6006"},"modified":"2014-04-04T13:19:40","modified_gmt":"2014-04-04T13:19:40","slug":"punta","status":"publish","type":"page","link":"https:\/\/www.spsressources.ch\/wordpress\/?page_id=6006","title":{"rendered":"Punta"},"content":{"rendered":"<p style=\"text-align: left;\">A emprunter aupr\u00e8s de Sandra :\u00a0 Jeu permettant plusieurs variantes pour travailler les nombres de 1 \u00e0 6. (3<sup>e<\/sup>-4<sup>e<\/sup>).<\/p>\n<p style=\"text-align: center;\"><a href=\"http:\/\/www.carlit.ch\/download\/30%20147%20Punta.pdf\">Cliquez ici pur t\u00e9l\u00e9charger les r\u00e8gles du jeu<\/a><a href=\"http:\/\/www.spsressources.ch\/wordpress\/wp-content\/uploads\/2012\/10\/Image-23.png\"><img loading=\"lazy\" decoding=\"async\" class=\"aligncenter size-full wp-image-6007\" title=\"Image 23\" src=\"http:\/\/www.spsressources.ch\/wordpress\/wp-content\/uploads\/2012\/10\/Image-23.png\" alt=\"\" width=\"307\" height=\"440\" srcset=\"https:\/\/www.spsressources.ch\/wordpress\/wp-content\/uploads\/2012\/10\/Image-23.png 512w, https:\/\/www.spsressources.ch\/wordpress\/wp-content\/uploads\/2012\/10\/Image-23-209x300.png 209w\" sizes=\"auto, (max-width: 307px) 100vw, 307px\" \/><\/a><\/p>\n","protected":false},"excerpt":{"rendered":"<p>A emprunter aupr\u00e8s de Sandra :\u00a0 Jeu permettant plusieurs variantes pour travailler les nombres de 1 \u00e0 6. (3e-4e). Cliquez ici pur t\u00e9l\u00e9charger les r\u00e8gles du jeu<\/p>\n","protected":false},"author":3472,"featured_media":0,"parent":11295,"menu_order":0,"comment_status":"open","ping_status":"closed","template":"","meta":{"footnotes":""},"class_list":["post-6006","page","type-page","status-publish","hentry"],"_links":{"self":[{"href":"https:\/\/www.spsressources.ch\/wordpress\/index.php?rest_route=\/wp\/v2\/pages\/6006","targetHints":{"allow":["GET"]}}],"collection":[{"href":"https:\/\/www.spsressources.ch\/wordpress\/index.php?rest_route=\/wp\/v2\/pages"}],"about":[{"href":"https:\/\/www.spsressources.ch\/wordpress\/index.php?rest_route=\/wp\/v2\/types\/page"}],"author":[{"embeddable":true,"href":"https:\/\/www.spsressources.ch\/wordpress\/index.php?rest_route=\/wp\/v2\/users\/3472"}],"replies":[{"embeddable":true,"href":"https:\/\/www.spsressources.ch\/wordpress\/index.php?rest_route=%2Fwp%2Fv2%2Fcomments&post=6006"}],"version-history":[{"count":6,"href":"https:\/\/www.spsressources.ch\/wordpress\/index.php?rest_route=\/wp\/v2\/pages\/6006\/revisions"}],"predecessor-version":[{"id":6009,"href":"https:\/\/www.spsressources.ch\/wordpress\/index.php?rest_route=\/wp\/v2\/pages\/6006\/revisions\/6009"}],"up":[{"embeddable":true,"href":"https:\/\/www.spsressources.ch\/wordpress\/index.php?rest_route=\/wp\/v2\/pages\/11295"}],"wp:attachment":[{"href":"https:\/\/www.spsressources.ch\/wordpress\/index.php?rest_route=%2Fwp%2Fv2%2Fmedia&parent=6006"}],"curies":[{"name":"wp","href":"https:\/\/api.w.org\/{rel}","templated":true}]}}