{"id":5127,"date":"2012-09-05T11:41:33","date_gmt":"2012-09-05T11:41:33","guid":{"rendered":"http:\/\/www.spsressources.ch\/wordpress\/?page_id=5127"},"modified":"2014-03-14T13:56:44","modified_gmt":"2014-03-14T13:56:44","slug":"conference-dolivier-revol-mai-2012","status":"publish","type":"page","link":"https:\/\/www.spsressources.ch\/wordpress\/?page_id=5127","title":{"rendered":"conf\u00e9rence d&rsquo;Olivier Revol du 7 mai 2012, HEP"},"content":{"rendered":"<p style=\"text-align: center;\"><a href=\"http:\/\/www.hep-bejune.ch\/recherche\/conferences\/enfant-a-haut-potentiel-et-ecole\">Cliquez\u00a0<span style=\"text-decoration: underline;\"><span style=\"color: #800080; text-decoration: underline;\"><span style=\"color: #800080; text-decoration: underline;\">ici<\/span>\u00a0<\/span><\/span>pour acc\u00e9der \u00e0 la page de la conf\u00e9rence\u00a0<\/a><img loading=\"lazy\" decoding=\"async\" class=\"aligncenter size-full wp-image-5133\" title=\"Image 12\" src=\"http:\/\/www.spsressources.ch\/wordpress\/wp-content\/uploads\/2012\/09\/Image-12.png\" alt=\"\" width=\"483\" height=\"77\" srcset=\"https:\/\/www.spsressources.ch\/wordpress\/wp-content\/uploads\/2012\/09\/Image-12.png 483w, https:\/\/www.spsressources.ch\/wordpress\/wp-content\/uploads\/2012\/09\/Image-12-300x47.png 300w\" sizes=\"auto, (max-width: 483px) 100vw, 483px\" \/><\/p>\n<p style=\"text-align: left;\">Conf\u00e9rence d&rsquo;Olivier Revol, p\u00e9dopsychiatre, organis\u00e9e en collaboration avec le Service de l\u2019enseignement obligatoire du canton de Neuch\u00e2tel le lundi 7 mai 2012<\/p>\n<p>&nbsp;<\/p>\n<p>&nbsp;<\/p>\n","protected":false},"excerpt":{"rendered":"<p>Cliquez\u00a0ici\u00a0pour acc\u00e9der \u00e0 la page de la conf\u00e9rence\u00a0 Conf\u00e9rence d&rsquo;Olivier Revol, p\u00e9dopsychiatre, organis\u00e9e en collaboration avec le Service de l\u2019enseignement obligatoire du canton de Neuch\u00e2tel le lundi 7 mai 2012 &nbsp; &nbsp;<\/p>\n","protected":false},"author":3472,"featured_media":0,"parent":5124,"menu_order":0,"comment_status":"open","ping_status":"closed","template":"","meta":{"footnotes":""},"class_list":["post-5127","page","type-page","status-publish","hentry"],"_links":{"self":[{"href":"https:\/\/www.spsressources.ch\/wordpress\/index.php?rest_route=\/wp\/v2\/pages\/5127","targetHints":{"allow":["GET"]}}],"collection":[{"href":"https:\/\/www.spsressources.ch\/wordpress\/index.php?rest_route=\/wp\/v2\/pages"}],"about":[{"href":"https:\/\/www.spsressources.ch\/wordpress\/index.php?rest_route=\/wp\/v2\/types\/page"}],"author":[{"embeddable":true,"href":"https:\/\/www.spsressources.ch\/wordpress\/index.php?rest_route=\/wp\/v2\/users\/3472"}],"replies":[{"embeddable":true,"href":"https:\/\/www.spsressources.ch\/wordpress\/index.php?rest_route=%2Fwp%2Fv2%2Fcomments&post=5127"}],"version-history":[{"count":12,"href":"https:\/\/www.spsressources.ch\/wordpress\/index.php?rest_route=\/wp\/v2\/pages\/5127\/revisions"}],"predecessor-version":[{"id":5130,"href":"https:\/\/www.spsressources.ch\/wordpress\/index.php?rest_route=\/wp\/v2\/pages\/5127\/revisions\/5130"}],"up":[{"embeddable":true,"href":"https:\/\/www.spsressources.ch\/wordpress\/index.php?rest_route=\/wp\/v2\/pages\/5124"}],"wp:attachment":[{"href":"https:\/\/www.spsressources.ch\/wordpress\/index.php?rest_route=%2Fwp%2Fv2%2Fmedia&parent=5127"}],"curies":[{"name":"wp","href":"https:\/\/api.w.org\/{rel}","templated":true}]}}