{"id":360,"date":"2011-10-24T11:59:15","date_gmt":"2011-10-24T11:59:15","guid":{"rendered":"http:\/\/www.vallelian.net\/sps\/wordpress\/?page_id=360"},"modified":"2015-01-20T17:29:50","modified_gmt":"2015-01-20T17:29:50","slug":"integration","status":"publish","type":"page","link":"https:\/\/www.spsressources.ch\/wordpress\/?page_id=360","title":{"rendered":"Int\u00e9gration"},"content":{"rendered":"<p>Int\u00e9gration<\/p>\n<p><em><strong><br \/>\n<\/strong><\/em><\/p>\n<ul>\n<li>\u00a0\u00a0Doudin, P.-A. &amp; Lafortune, L. (2007)\u00a0<strong>Intervenir aupr\u00e8s d\u2019\u00e9l\u00e8ves ayant des besoins particuliers. Quelle formation \u00e0 l\u2019enseignement\u00a0?<\/strong>\u00a0Qu\u00e9bec\u00a0: Presses de l\u2019Universit\u00e9 du Qu\u00e9bec.\u00a0<a href=\"http:\/\/www.vallelian.net\/sps\/wordpress\/wp-content\/uploads\/2011\/10\/Capture-d%E2%80%99%C3%A9cran-2011-11-30-%C3%A0-14.15.15.png\"><img loading=\"lazy\" decoding=\"async\" class=\"aligncenter size-full wp-image-1887\" title=\"Capture d\u2019\u00e9cran 2011-11-30 \u00e0 14.15.15\" src=\"http:\/\/www.vallelian.net\/sps\/wordpress\/wp-content\/uploads\/2011\/10\/Capture-d%E2%80%99%C3%A9cran-2011-11-30-%C3%A0-14.15.15.png\" alt=\"\" width=\"218\" height=\"308\" \/><\/a><\/li>\n<li>\u00a0Tr\u00e9panier, N. S. &amp; Par\u00e9, M. (2010)\u00a0<strong>Des mod\u00e8les de service pour favoriser l\u2019int\u00e9gration scolaire.<\/strong>\u00a0Qu\u00e9bec\u00a0: Presses de l\u2019Universit\u00e9 du Qu\u00e9bec.\u00a0Leclerc, M. (2004).\u00a0Au pays de gitans. Recueil d\u2019outils pour int\u00e9grer l\u2019\u00e9l\u00e8ve en difficult\u00e9 dans la classe<strong><br \/>\n<\/strong><\/li>\n<\/ul>\n<h3><\/h3>\n<h3><span style=\"font-size: medium;\"><span class=\"Apple-style-span\" style=\"font-size: 16px; line-height: 24px;\"><span style=\"color: #000000; font-size: large;\"><span class=\"Apple-style-span\" style=\"font-size: 17px; line-height: 25px;\"><br \/>\n<\/span><\/span><\/span><\/span><\/h3>\n<p><a href=\"http:\/\/www.vallelian.net\/sps\/wordpress\/wp-content\/uploads\/2011\/10\/Capture-d\u2019\u00e9cran-2011-12-07-\u00e0-22.17.42.png\"><br \/>\n<\/a><\/p>\n","protected":false},"excerpt":{"rendered":"<p>Int\u00e9gration \u00a0\u00a0Doudin, P.-A. &amp; Lafortune, L. (2007)\u00a0Intervenir aupr\u00e8s d\u2019\u00e9l\u00e8ves ayant des besoins particuliers. Quelle formation \u00e0 l\u2019enseignement\u00a0?\u00a0Qu\u00e9bec\u00a0: Presses de l\u2019Universit\u00e9 du Qu\u00e9bec.\u00a0 \u00a0Tr\u00e9panier, N. S. &amp; Par\u00e9, M. (2010)\u00a0Des mod\u00e8les de service pour favoriser l\u2019int\u00e9gration scolaire.\u00a0Qu\u00e9bec\u00a0: Presses de l\u2019Universit\u00e9 du &hellip; <a href=\"https:\/\/www.spsressources.ch\/wordpress\/?page_id=360\">Continuer la lecture <span class=\"meta-nav\">&rarr;<\/span><\/a><\/p>\n","protected":false},"author":3472,"featured_media":0,"parent":68,"menu_order":7,"comment_status":"open","ping_status":"closed","template":"","meta":{"footnotes":""},"class_list":["post-360","page","type-page","status-publish","hentry"],"_links":{"self":[{"href":"https:\/\/www.spsressources.ch\/wordpress\/index.php?rest_route=\/wp\/v2\/pages\/360","targetHints":{"allow":["GET"]}}],"collection":[{"href":"https:\/\/www.spsressources.ch\/wordpress\/index.php?rest_route=\/wp\/v2\/pages"}],"about":[{"href":"https:\/\/www.spsressources.ch\/wordpress\/index.php?rest_route=\/wp\/v2\/types\/page"}],"author":[{"embeddable":true,"href":"https:\/\/www.spsressources.ch\/wordpress\/index.php?rest_route=\/wp\/v2\/users\/3472"}],"replies":[{"embeddable":true,"href":"https:\/\/www.spsressources.ch\/wordpress\/index.php?rest_route=%2Fwp%2Fv2%2Fcomments&post=360"}],"version-history":[{"count":12,"href":"https:\/\/www.spsressources.ch\/wordpress\/index.php?rest_route=\/wp\/v2\/pages\/360\/revisions"}],"predecessor-version":[{"id":363,"href":"https:\/\/www.spsressources.ch\/wordpress\/index.php?rest_route=\/wp\/v2\/pages\/360\/revisions\/363"}],"up":[{"embeddable":true,"href":"https:\/\/www.spsressources.ch\/wordpress\/index.php?rest_route=\/wp\/v2\/pages\/68"}],"wp:attachment":[{"href":"https:\/\/www.spsressources.ch\/wordpress\/index.php?rest_route=%2Fwp%2Fv2%2Fmedia&parent=360"}],"curies":[{"name":"wp","href":"https:\/\/api.w.org\/{rel}","templated":true}]}}

Intégration

<p>Intégration</p>
<p><em><strong><br />
</strong></em></p>
<ul>
<li>  Doudin, P.-A. &amp; Lafortune, L. (2007) <strong>Intervenir auprès d’élèves ayant des besoins particuliers. Quelle formation à l’enseignement ?</strong> Québec : Presses de l’Université du Québec. <a href="http://www.vallelian.net/sps/wordpress/wp-content/uploads/2011/10/Capture-d%E2%80%99%C3%A9cran-2011-11-30-%C3%A0-14.15.15.png"><img loading="lazy" decoding="async" class="aligncenter size-full wp-image-1887" title="Capture d’écran 2011-11-30 à 14.15.15" src="http://www.vallelian.net/sps/wordpress/wp-content/uploads/2011/10/Capture-d%E2%80%99%C3%A9cran-2011-11-30-%C3%A0-14.15.15.png" alt="" width="218" height="308" /></a></li>
<li> Trépanier, N. S. &amp; Paré, M. (2010) <strong>Des modèles de service pour favoriser l’intégration scolaire.</strong> Québec : Presses de l’Université du Québec. Leclerc, M. (2004). Au pays de gitans. Recueil d’outils pour intégrer l’élève en difficulté dans la classe<strong><br />
</strong></li>
</ul>
<h3></h3>
<h3><span style="font-size: medium;"><span class="Apple-style-span" style="font-size: 16px; line-height: 24px;"><span style="color: #000000; font-size: large;"><span class="Apple-style-span" style="font-size: 17px; line-height: 25px;"><br />
</span></span></span></span></h3>
<p><a href="http://www.vallelian.net/sps/wordpress/wp-content/uploads/2011/10/Capture-d’écran-2011-12-07-à-22.17.42.png"><br />
</a></p>

<p>Intégration   Doudin, P.-A. &amp; Lafortune, L. (2007) Intervenir auprès d’élèves ayant des besoins particuliers. Quelle formation à l’enseignement ? Québec : Presses de l’Université du Québec.   Trépanier, N. S. &amp; Paré, M. (2010) Des modèles de service pour favoriser l’intégration scolaire. Québec : Presses de l’Université du &hellip; <a href="https://www.spsressources.ch/wordpress/?page_id=360">Continuer la lecture <span class="meta-nav">&rarr;</span></a></p>
