{"id":338,"date":"2011-10-24T05:05:45","date_gmt":"2011-10-24T05:05:45","guid":{"rendered":"http:\/\/www.vallelian.net\/sps\/wordpress\/?page_id=338"},"modified":"2015-01-20T17:29:07","modified_gmt":"2015-01-20T17:29:07","slug":"hyperactivite","status":"publish","type":"page","link":"https:\/\/www.spsressources.ch\/wordpress\/?page_id=338","title":{"rendered":"Hyperactivit\u00e9"},"content":{"rendered":"<p>Hyperactivit\u00e9<\/p>\n<p><strong><br \/>\n<\/strong><\/p>\n<ul>\n<li><strong>Les enfants hyperatifs et lunatiques, <\/strong>Dr Guy Falardeau, le jour \u00e9ditions,1997<\/li>\n<\/ul>\n<p><span class=\"Apple-style-span\" style=\"font-size: 16px; color: #444444; font-family: Georgia, 'Bitstream Charter', serif; line-height: 24px;\"><strong><a href=\"http:\/\/www.spsressources.ch\/wordpress\/wp-content\/uploads\/2011\/10\/Image-161.png\"><img loading=\"lazy\" decoding=\"async\" class=\"size-medium wp-image-7636 aligncenter\" title=\"Image 16\" src=\"http:\/\/www.spsressources.ch\/wordpress\/wp-content\/uploads\/2011\/10\/Image-161-199x300.png\" alt=\"\" width=\"199\" height=\"300\" srcset=\"https:\/\/www.spsressources.ch\/wordpress\/wp-content\/uploads\/2011\/10\/Image-161-199x300.png 199w, https:\/\/www.spsressources.ch\/wordpress\/wp-content\/uploads\/2011\/10\/Image-161.png 365w\" sizes=\"auto, (max-width: 199px) 100vw, 199px\" \/><\/a><\/strong><\/span><\/p>\n<ul>\n<li><strong>Ces parents \u00e0 bout de souffle, un guide de survie,\u00a0<\/strong>Suzanne Lavigueur, Ph.D.1998, les \u00e9ditions Quebecor. <em><strong>\u00a0<\/strong><\/em><a href=\"http:\/\/www.vallelian.net\/sps\/wordpress\/wp-content\/uploads\/2011\/10\/Capture-d%E2%80%99%C3%A9cran-2011-11-30-%C3%A0-13.54.09.png\"><img loading=\"lazy\" decoding=\"async\" class=\"aligncenter size-full wp-image-1861\" title=\"Capture d\u2019\u00e9cran 2011-11-30 \u00e0 13.54.09\" src=\"http:\/\/www.vallelian.net\/sps\/wordpress\/wp-content\/uploads\/2011\/10\/Capture-d%E2%80%99%C3%A9cran-2011-11-30-%C3%A0-13.54.09.png\" alt=\"\" width=\"221\" height=\"297\" \/><\/a><\/li>\n<li><strong>Ces enfants qui bougent trop,\u00a0<\/strong>Docteur Claude Desjardins, Ph.D.1992, les \u00e9ditions Quebecor. <em><strong>\u00a0<\/strong><\/em><a href=\"http:\/\/www.vallelian.net\/sps\/wordpress\/wp-content\/uploads\/2011\/10\/Capture-d%E2%80%99%C3%A9cran-2011-11-30-%C3%A0-13.55.05.png\"><img loading=\"lazy\" decoding=\"async\" class=\"aligncenter size-full wp-image-1862\" title=\"Capture d\u2019\u00e9cran 2011-11-30 \u00e0 13.55.05\" src=\"http:\/\/www.vallelian.net\/sps\/wordpress\/wp-content\/uploads\/2011\/10\/Capture-d%E2%80%99%C3%A9cran-2011-11-30-%C3%A0-13.55.05.png\" alt=\"\" width=\"211\" height=\"311\" \/><\/a><\/li>\n<\/ul>\n","protected":false},"excerpt":{"rendered":"<p>Hyperactivit\u00e9 Les enfants hyperatifs et lunatiques, Dr Guy Falardeau, le jour \u00e9ditions,1997 Ces parents \u00e0 bout de souffle, un guide de survie,\u00a0Suzanne Lavigueur, Ph.D.1998, les \u00e9ditions Quebecor. \u00a0 Ces enfants qui bougent trop,\u00a0Docteur Claude Desjardins, Ph.D.1992, les \u00e9ditions Quebecor. \u00a0<\/p>\n","protected":false},"author":3472,"featured_media":0,"parent":68,"menu_order":6,"comment_status":"open","ping_status":"closed","template":"","meta":{"footnotes":""},"class_list":["post-338","page","type-page","status-publish","hentry"],"_links":{"self":[{"href":"https:\/\/www.spsressources.ch\/wordpress\/index.php?rest_route=\/wp\/v2\/pages\/338","targetHints":{"allow":["GET"]}}],"collection":[{"href":"https:\/\/www.spsressources.ch\/wordpress\/index.php?rest_route=\/wp\/v2\/pages"}],"about":[{"href":"https:\/\/www.spsressources.ch\/wordpress\/index.php?rest_route=\/wp\/v2\/types\/page"}],"author":[{"embeddable":true,"href":"https:\/\/www.spsressources.ch\/wordpress\/index.php?rest_route=\/wp\/v2\/users\/3472"}],"replies":[{"embeddable":true,"href":"https:\/\/www.spsressources.ch\/wordpress\/index.php?rest_route=%2Fwp%2Fv2%2Fcomments&post=338"}],"version-history":[{"count":9,"href":"https:\/\/www.spsressources.ch\/wordpress\/index.php?rest_route=\/wp\/v2\/pages\/338\/revisions"}],"predecessor-version":[{"id":340,"href":"https:\/\/www.spsressources.ch\/wordpress\/index.php?rest_route=\/wp\/v2\/pages\/338\/revisions\/340"}],"up":[{"embeddable":true,"href":"https:\/\/www.spsressources.ch\/wordpress\/index.php?rest_route=\/wp\/v2\/pages\/68"}],"wp:attachment":[{"href":"https:\/\/www.spsressources.ch\/wordpress\/index.php?rest_route=%2Fwp%2Fv2%2Fmedia&parent=338"}],"curies":[{"name":"wp","href":"https:\/\/api.w.org\/{rel}","templated":true}]}}