{"id":207,"date":"2011-10-22T17:07:20","date_gmt":"2011-10-22T17:07:20","guid":{"rendered":"http:\/\/www.vallelian.net\/sps\/wordpress\/?page_id=207"},"modified":"2018-11-02T17:56:51","modified_gmt":"2018-11-02T17:56:51","slug":"ressources-pedagogique","status":"publish","type":"page","link":"https:\/\/www.spsressources.ch\/wordpress\/?page_id=207","title":{"rendered":"Ressources p\u00e9dagogiques"},"content":{"rendered":"<p>Attention, il faut naviguer dans le menu et s\u00e9lectionner une page !<\/p>\n<ul>\n<li><a href=\"http:\/\/www.spsressources.ch\/wordpress\/?page_id=14827\">Catalogue d&rsquo;habilet\u00e9s sociales<\/a><\/li>\n<li><span style=\"text-decoration: underline;\"><span style=\"color: #800080; text-decoration: underline;\"><a href=\"http:\/\/www.spsressources.ch\/wordpress\/?page_id=8225\"><span style=\"color: #800080; text-decoration: underline;\">Documents de r\u00e9f\u00e9rences<\/span><\/a><\/span><\/span><\/li>\n<li><\/li>\n<li><span style=\"text-decoration: underline;\"><span style=\"color: #800080; text-decoration: underline;\"><a href=\"http:\/\/www.spsressources.ch\/wordpress\/?page_id=1079\"><span style=\"color: #800080; text-decoration: underline;\">Ecriture<\/span><\/a><\/span><\/span><\/li>\n<li><span style=\"text-decoration: underline;\"><span style=\"color: #800080; text-decoration: underline;\"><a href=\"http:\/\/www.spsressources.ch\/wordpress\/?page_id=586\"><span style=\"color: #800080; text-decoration: underline;\">Fran\u00e7ais<\/span><\/a><\/span><\/span><\/li>\n<li><span style=\"text-decoration: underline;\"><span style=\"color: #800080; text-decoration: underline;\"><a href=\"http:\/\/www.spsressources.ch\/wordpress\/?page_id=243\"><span style=\"color: #800080; text-decoration: underline;\">Lecture<\/span><\/a><\/span><\/span><\/li>\n<li><span style=\"text-decoration: underline;\"><span style=\"color: #800080; text-decoration: underline;\"><a href=\"http:\/\/www.spsressources.ch\/wordpress\/?page_id=581\"><span style=\"color: #800080; text-decoration: underline;\">Math\u00e9matiques<\/span><\/a><\/span><\/span><\/li>\n<li><span style=\"text-decoration: underline;\"><span style=\"color: #800080; text-decoration: underline;\"><a href=\"http:\/\/www.spsressources.ch\/wordpress\/?page_id=5454\"><span style=\"color: #800080; text-decoration: underline;\">Outils de communication<\/span><\/a><\/span><\/span><\/li>\n<li><span style=\"text-decoration: underline;\"><span style=\"color: #800080; text-decoration: underline;\"><a href=\"http:\/\/www.spsressources.ch\/wordpress\/?page_id=630\"><span style=\"color: #800080; text-decoration: underline;\">Outils facilitateurs<\/span><\/a><\/span><\/span><\/li>\n<li><span style=\"text-decoration: underline;\"><span style=\"color: #800080; text-decoration: underline;\"><a href=\"http:\/\/www.spsressources.ch\/wordpress\/?page_id=11771\"><span style=\"color: #800080; text-decoration: underline;\">Outils de structuration temporelle<\/span><\/a><\/span><\/span><\/li>\n<li><a href=\"http:\/\/www.spsressources.ch\/wordpress\/?page_id=14794\">Outils organisationnels<\/a><\/li>\n<li><span style=\"text-decoration: underline;\"><span style=\"color: #800080; text-decoration: underline;\"><a href=\"http:\/\/www.spsressources.ch\/wordpress\/?page_id=5410\"><span style=\"color: #800080; text-decoration: underline;\">Polices de caract\u00e8res<\/span><\/a><\/span><\/span><\/li>\n<li><span style=\"text-decoration: underline;\"><span style=\"color: #800080; text-decoration: underline;\"><a href=\" http:\/\/www.spsressources.ch\/wordpress\/?page_id=11686\"><span style=\"color: #800080; text-decoration: underline;\">S\u00e9quences temporelles<\/span><\/a><\/span><\/span><\/li>\n<li><span style=\"text-decoration: underline;\"><span style=\"color: #800080; text-decoration: underline;\"><a href=\"http:\/\/www.spsressources.ch\/wordpress\/?page_id=8105\"><span style=\"color: #800080; text-decoration: underline;\">Site sur l&rsquo;Autisme : Jeux et litt\u00e9rature<\/span><\/a><\/span><\/span><\/li>\n<li><span style=\"text-decoration: underline;\"><span style=\"color: #800080; text-decoration: underline;\"><a href=\" http:\/\/www.spsressources.ch\/wordpress\/?page_id=8105\"><span style=\"color: #800080; text-decoration: underline;\">Site de ressources p\u00e9dagogiques<\/span><\/a><\/span><\/span><\/li>\n<\/ul>\n<p>Si vous d\u00e9sirez enrichir le site, merci de me transmettre vos documents \u00e0 l&rsquo;adresse suivantes :<\/p>\n<p>Joelle.Vallelian@rpn.ch<\/p>\n","protected":false},"excerpt":{"rendered":"<p>Attention, il faut naviguer dans le menu et s\u00e9lectionner une page ! Catalogue d&rsquo;habilet\u00e9s sociales Documents de r\u00e9f\u00e9rences Ecriture Fran\u00e7ais Lecture Math\u00e9matiques Outils de communication Outils facilitateurs Outils de structuration temporelle Outils organisationnels Polices de caract\u00e8res S\u00e9quences temporelles Site sur &hellip; <a href=\"https:\/\/www.spsressources.ch\/wordpress\/?page_id=207\">Continuer la lecture <span class=\"meta-nav\">&rarr;<\/span><\/a><\/p>\n","protected":false},"author":3472,"featured_media":0,"parent":0,"menu_order":3,"comment_status":"open","ping_status":"closed","template":"","meta":{"footnotes":""},"class_list":["post-207","page","type-page","status-publish","hentry"],"_links":{"self":[{"href":"https:\/\/www.spsressources.ch\/wordpress\/index.php?rest_route=\/wp\/v2\/pages\/207","targetHints":{"allow":["GET"]}}],"collection":[{"href":"https:\/\/www.spsressources.ch\/wordpress\/index.php?rest_route=\/wp\/v2\/pages"}],"about":[{"href":"https:\/\/www.spsressources.ch\/wordpress\/index.php?rest_route=\/wp\/v2\/types\/page"}],"author":[{"embeddable":true,"href":"https:\/\/www.spsressources.ch\/wordpress\/index.php?rest_route=\/wp\/v2\/users\/3472"}],"replies":[{"embeddable":true,"href":"https:\/\/www.spsressources.ch\/wordpress\/index.php?rest_route=%2Fwp%2Fv2%2Fcomments&post=207"}],"version-history":[{"count":47,"href":"https:\/\/www.spsressources.ch\/wordpress\/index.php?rest_route=\/wp\/v2\/pages\/207\/revisions"}],"predecessor-version":[{"id":14852,"href":"https:\/\/www.spsressources.ch\/wordpress\/index.php?rest_route=\/wp\/v2\/pages\/207\/revisions\/14852"}],"wp:attachment":[{"href":"https:\/\/www.spsressources.ch\/wordpress\/index.php?rest_route=%2Fwp%2Fv2%2Fmedia&parent=207"}],"curies":[{"name":"wp","href":"https:\/\/api.w.org\/{rel}","templated":true}]}}