{"id":163,"date":"2011-10-22T11:18:20","date_gmt":"2011-10-22T11:18:20","guid":{"rendered":"http:\/\/www.vallelian.net\/sps\/wordpress\/?page_id=163"},"modified":"2014-03-07T13:13:23","modified_gmt":"2014-03-07T13:13:23","slug":"articles","status":"publish","type":"page","link":"https:\/\/www.spsressources.ch\/wordpress\/?page_id=163","title":{"rendered":"\u00e9cho de la conf\u00e9rence \u00ab\u00a0La scolarisation des \u00e9l\u00e8ves en situation de handicap\u00a0\u00bb,  de Charles Gardou, 5 mai 2010"},"content":{"rendered":"<p style=\"text-align: left;\">La conf\u00e9rence de Charles Gardou, 5 mai 2010 \u00e0 Lausanne, \u00e9cho de la conf\u00e9rence\u00a0\u00bbla Scolarisation des \u00e9l\u00e8ves en situation de handicap\u00a0\u00bb.<\/p>\n<p style=\"text-align: center;\"><span style=\"text-decoration: underline;\"><span style=\"color: #800080;\"><a href=\"http:\/\/www.spsressources.ch\/wordpress\/wp-content\/uploads\/2011\/10\/hppscan652.pdf\"><span style=\"color: #800080; text-decoration: underline;\">Cliquez ici pour t\u00e9l\u00e9charger cet article<\/span><\/a><\/span><\/span><a href=\"http:\/\/www.spsressources.ch\/wordpress\/wp-content\/uploads\/2011\/10\/hppscan652.pdf\"><img loading=\"lazy\" decoding=\"async\" class=\"aligncenter size-full wp-image-1654\" title=\"Capture d\u2019\u00e9cran 2011-11-29 \u00e0 20.32.20\" src=\"http:\/\/www.vallelian.net\/sps\/wordpress\/wp-content\/uploads\/2011\/10\/Capture-d\u2019\u00e9cran-2011-11-29-\u00e0-20.32.20.png\" alt=\"\" width=\"244\" height=\"320\" srcset=\"https:\/\/www.spsressources.ch\/wordpress\/wp-content\/uploads\/2011\/10\/Capture-d\u2019\u00e9cran-2011-11-29-\u00e0-20.32.20.png 406w, https:\/\/www.spsressources.ch\/wordpress\/wp-content\/uploads\/2011\/10\/Capture-d\u2019\u00e9cran-2011-11-29-\u00e0-20.32.20-228x300.png 228w\" sizes=\"auto, (max-width: 244px) 100vw, 244px\" \/><\/a><\/p>\n<p>&nbsp;<\/p>\n<p>&nbsp;<\/p>\n<p>&nbsp;<\/p>\n","protected":false},"excerpt":{"rendered":"<p>La conf\u00e9rence de Charles Gardou, 5 mai 2010 \u00e0 Lausanne, \u00e9cho de la conf\u00e9rence\u00a0\u00bbla Scolarisation des \u00e9l\u00e8ves en situation de handicap\u00a0\u00bb. Cliquez ici pour t\u00e9l\u00e9charger cet article &nbsp; &nbsp; &nbsp;<\/p>\n","protected":false},"author":3472,"featured_media":0,"parent":10366,"menu_order":5,"comment_status":"open","ping_status":"closed","template":"","meta":{"footnotes":""},"class_list":["post-163","page","type-page","status-publish","hentry"],"_links":{"self":[{"href":"https:\/\/www.spsressources.ch\/wordpress\/index.php?rest_route=\/wp\/v2\/pages\/163","targetHints":{"allow":["GET"]}}],"collection":[{"href":"https:\/\/www.spsressources.ch\/wordpress\/index.php?rest_route=\/wp\/v2\/pages"}],"about":[{"href":"https:\/\/www.spsressources.ch\/wordpress\/index.php?rest_route=\/wp\/v2\/types\/page"}],"author":[{"embeddable":true,"href":"https:\/\/www.spsressources.ch\/wordpress\/index.php?rest_route=\/wp\/v2\/users\/3472"}],"replies":[{"embeddable":true,"href":"https:\/\/www.spsressources.ch\/wordpress\/index.php?rest_route=%2Fwp%2Fv2%2Fcomments&post=163"}],"version-history":[{"count":28,"href":"https:\/\/www.spsressources.ch\/wordpress\/index.php?rest_route=\/wp\/v2\/pages\/163\/revisions"}],"predecessor-version":[{"id":166,"href":"https:\/\/www.spsressources.ch\/wordpress\/index.php?rest_route=\/wp\/v2\/pages\/163\/revisions\/166"}],"up":[{"embeddable":true,"href":"https:\/\/www.spsressources.ch\/wordpress\/index.php?rest_route=\/wp\/v2\/pages\/10366"}],"wp:attachment":[{"href":"https:\/\/www.spsressources.ch\/wordpress\/index.php?rest_route=%2Fwp%2Fv2%2Fmedia&parent=163"}],"curies":[{"name":"wp","href":"https:\/\/api.w.org\/{rel}","templated":true}]}}