{"id":15332,"date":"2019-03-20T12:16:09","date_gmt":"2019-03-20T12:16:09","guid":{"rendered":"http:\/\/www.spsressources.ch\/wordpress\/?page_id=15332"},"modified":"2019-04-06T04:53:04","modified_gmt":"2019-04-06T04:53:04","slug":"les-tables-de-multiplications-en-fils","status":"publish","type":"page","link":"https:\/\/www.spsressources.ch\/wordpress\/?page_id=15332","title":{"rendered":"les tables de multiplications en fils"},"content":{"rendered":"<p>Il est possible de r\u00e9aliser de magnifiques fleurs en reliant les nombres selon les tables de multiplication. (<a href=\"https:\/\/www.google.com\/search?q=la+face+cach%C3%A9e+des+tables+de+multiplication&amp;oq=la+face+cach%C3%A9e+des+ta&amp;aqs=chrome.1.69i57j69i59j0l3.24286j0j1&amp;sourceid=chrome&amp;ie=UTF-8\">Nous nous sommes inspir\u00e9 de la vid\u00e9o \u00a0\u00bb la face cach\u00e9e des tables de multiplications). <\/a>Voir aussi dans <a href=\"https:\/\/www.geogebra.org\/m\/MXbWpzS6\">g\u00e9ogebra, la beaut\u00e9 des tables de multiplication<\/a><\/p>\n<p style=\"text-align: center;\"><strong>Le livret du 2 donne une fleur \u00e0 un p\u00e9tale<\/strong><br \/>\n<img loading=\"lazy\" decoding=\"async\" class=\"aligncenter wp-image-15334 \" src=\"http:\/\/www.spsressources.ch\/wordpress\/wp-content\/uploads\/2019\/03\/IMG_2220.jpg\" alt=\"\" width=\"318\" height=\"424\" srcset=\"https:\/\/www.spsressources.ch\/wordpress\/wp-content\/uploads\/2019\/03\/IMG_2220.jpg 720w, https:\/\/www.spsressources.ch\/wordpress\/wp-content\/uploads\/2019\/03\/IMG_2220-225x300.jpg 225w\" sizes=\"auto, (max-width: 318px) 100vw, 318px\" \/><\/p>\n<p style=\"text-align: center;\"><strong>Le livret du 4 donne une fleur \u00e0 3 p\u00e9tales, etc&#8230;<\/strong><a href=\"http:\/\/www.spsressources.ch\/wordpress\/wp-content\/uploads\/2019\/03\/IMG_2221.jpg\"><img loading=\"lazy\" decoding=\"async\" class=\"aligncenter wp-image-15341 \" src=\"http:\/\/www.spsressources.ch\/wordpress\/wp-content\/uploads\/2019\/03\/IMG_2221.jpg\" alt=\"\" width=\"366\" height=\"488\" srcset=\"https:\/\/www.spsressources.ch\/wordpress\/wp-content\/uploads\/2019\/03\/IMG_2221.jpg 720w, https:\/\/www.spsressources.ch\/wordpress\/wp-content\/uploads\/2019\/03\/IMG_2221-225x300.jpg 225w\" sizes=\"auto, (max-width: 366px) 100vw, 366px\" \/><\/a><\/p>\n<p><strong>R\u00e9alisation :<\/strong><\/p>\n<ol>\n<li>d\u00e9couper un cercle dans du carton \u00e9pais (ici 38 cm de diam\u00e8tre)<\/li>\n<\/ol>\n<p style=\"text-align: center;\"><a href=\"http:\/\/www.spsressources.ch\/wordpress\/wp-content\/uploads\/2019\/03\/IMG_2224-1.jpg\"><img loading=\"lazy\" decoding=\"async\" class=\"alignnone wp-image-15364 \" src=\"http:\/\/www.spsressources.ch\/wordpress\/wp-content\/uploads\/2019\/03\/IMG_2224-1-300x225.jpg\" alt=\"\" width=\"359\" height=\"269\" srcset=\"https:\/\/www.spsressources.ch\/wordpress\/wp-content\/uploads\/2019\/03\/IMG_2224-1-300x225.jpg 300w, https:\/\/www.spsressources.ch\/wordpress\/wp-content\/uploads\/2019\/03\/IMG_2224-1-768x576.jpg 768w, https:\/\/www.spsressources.ch\/wordpress\/wp-content\/uploads\/2019\/03\/IMG_2224-1.jpg 960w\" sizes=\"auto, (max-width: 359px) 100vw, 359px\" \/><\/a><a href=\"http:\/\/www.spsressources.ch\/wordpress\/wp-content\/uploads\/2019\/03\/IMG_2224.jpg\"><br \/>\n<\/a>2. Faire des encoches tous les centim\u00e8tres<\/p>\n<p style=\"text-align: center;\"><a href=\"http:\/\/www.spsressources.ch\/wordpress\/wp-content\/uploads\/2019\/03\/IMG_2225.jpg\"><img loading=\"lazy\" decoding=\"async\" class=\"alignnone wp-image-15338 \" src=\"http:\/\/www.spsressources.ch\/wordpress\/wp-content\/uploads\/2019\/03\/IMG_2225-225x300.jpg\" alt=\"\" width=\"277\" height=\"369\" srcset=\"https:\/\/www.spsressources.ch\/wordpress\/wp-content\/uploads\/2019\/03\/IMG_2225-225x300.jpg 225w, https:\/\/www.spsressources.ch\/wordpress\/wp-content\/uploads\/2019\/03\/IMG_2225.jpg 720w\" sizes=\"auto, (max-width: 277px) 100vw, 277px\" \/><\/a><\/p>\n<p style=\"text-align: center;\">3. Relier les nombres avec du fils de coton : ex:\u00a0Livret du 8 : le\u00a01 \u00e0 8 \/ 8 \u00e0 16\/ 3\u00e0 24\/ etc&#8230;.<\/p>\n<p style=\"text-align: center;\"><a href=\"http:\/\/www.spsressources.ch\/wordpress\/wp-content\/uploads\/2019\/03\/IMG_2227.jpg\"><img loading=\"lazy\" decoding=\"async\" class=\"alignnone wp-image-15340 \" src=\"http:\/\/www.spsressources.ch\/wordpress\/wp-content\/uploads\/2019\/03\/IMG_2227-300x300.jpg\" alt=\"\" width=\"375\" height=\"375\" srcset=\"https:\/\/www.spsressources.ch\/wordpress\/wp-content\/uploads\/2019\/03\/IMG_2227-300x300.jpg 300w, https:\/\/www.spsressources.ch\/wordpress\/wp-content\/uploads\/2019\/03\/IMG_2227-150x150.jpg 150w, https:\/\/www.spsressources.ch\/wordpress\/wp-content\/uploads\/2019\/03\/IMG_2227.jpg 720w\" sizes=\"auto, (max-width: 375px) 100vw, 375px\" \/><\/a><\/p>\n<p style=\"text-align: center;\">Vue de pr\u00e8s<\/p>\n<p style=\"text-align: center;\"><a href=\"http:\/\/www.spsressources.ch\/wordpress\/wp-content\/uploads\/2019\/03\/IMG_2222.jpg\"><img loading=\"lazy\" decoding=\"async\" class=\"alignnone wp-image-15351 \" src=\"http:\/\/www.spsressources.ch\/wordpress\/wp-content\/uploads\/2019\/03\/IMG_2222-225x300.jpg\" alt=\"\" width=\"286\" height=\"381\" srcset=\"https:\/\/www.spsressources.ch\/wordpress\/wp-content\/uploads\/2019\/03\/IMG_2222-225x300.jpg 225w, https:\/\/www.spsressources.ch\/wordpress\/wp-content\/uploads\/2019\/03\/IMG_2222.jpg 720w\" sizes=\"auto, (max-width: 286px) 100vw, 286px\" \/><\/a><\/p>\n<p style=\"text-align: center;\">Face arri\u00e8re une fois que la fleur est termin\u00e9e<\/p>\n<p style=\"text-align: center;\"><a href=\"http:\/\/www.spsressources.ch\/wordpress\/wp-content\/uploads\/2019\/03\/IMG_2223.jpg\"><img loading=\"lazy\" decoding=\"async\" class=\"alignnone wp-image-15352 size-medium\" src=\"http:\/\/www.spsressources.ch\/wordpress\/wp-content\/uploads\/2019\/03\/IMG_2223-225x300.jpg\" alt=\"\" width=\"225\" height=\"300\" srcset=\"https:\/\/www.spsressources.ch\/wordpress\/wp-content\/uploads\/2019\/03\/IMG_2223-225x300.jpg 225w, https:\/\/www.spsressources.ch\/wordpress\/wp-content\/uploads\/2019\/03\/IMG_2223.jpg 720w\" sizes=\"auto, (max-width: 225px) 100vw, 225px\" \/><\/a><\/p>\n","protected":false},"excerpt":{"rendered":"<p>Il est possible de r\u00e9aliser de magnifiques fleurs en reliant les nombres selon les tables de multiplication. (Nous nous sommes inspir\u00e9 de la vid\u00e9o \u00a0\u00bb la face cach\u00e9e des tables de multiplications). Voir aussi dans g\u00e9ogebra, la beaut\u00e9 des tables &hellip; <a href=\"https:\/\/www.spsressources.ch\/wordpress\/?page_id=15332\">Continuer la lecture <span class=\"meta-nav\">&rarr;<\/span><\/a><\/p>\n","protected":false},"author":3472,"featured_media":0,"parent":9685,"menu_order":0,"comment_status":"closed","ping_status":"closed","template":"","meta":{"footnotes":""},"class_list":["post-15332","page","type-page","status-publish","hentry"],"_links":{"self":[{"href":"https:\/\/www.spsressources.ch\/wordpress\/index.php?rest_route=\/wp\/v2\/pages\/15332","targetHints":{"allow":["GET"]}}],"collection":[{"href":"https:\/\/www.spsressources.ch\/wordpress\/index.php?rest_route=\/wp\/v2\/pages"}],"about":[{"href":"https:\/\/www.spsressources.ch\/wordpress\/index.php?rest_route=\/wp\/v2\/types\/page"}],"author":[{"embeddable":true,"href":"https:\/\/www.spsressources.ch\/wordpress\/index.php?rest_route=\/wp\/v2\/users\/3472"}],"replies":[{"embeddable":true,"href":"https:\/\/www.spsressources.ch\/wordpress\/index.php?rest_route=%2Fwp%2Fv2%2Fcomments&post=15332"}],"version-history":[{"count":16,"href":"https:\/\/www.spsressources.ch\/wordpress\/index.php?rest_route=\/wp\/v2\/pages\/15332\/revisions"}],"predecessor-version":[{"id":16206,"href":"https:\/\/www.spsressources.ch\/wordpress\/index.php?rest_route=\/wp\/v2\/pages\/15332\/revisions\/16206"}],"up":[{"embeddable":true,"href":"https:\/\/www.spsressources.ch\/wordpress\/index.php?rest_route=\/wp\/v2\/pages\/9685"}],"wp:attachment":[{"href":"https:\/\/www.spsressources.ch\/wordpress\/index.php?rest_route=%2Fwp%2Fv2%2Fmedia&parent=15332"}],"curies":[{"name":"wp","href":"https:\/\/api.w.org\/{rel}","templated":true}]}}