{"id":14794,"date":"2018-10-11T05:42:01","date_gmt":"2018-10-11T05:42:01","guid":{"rendered":"http:\/\/www.spsressources.ch\/wordpress\/?page_id=14794"},"modified":"2018-10-11T06:11:03","modified_gmt":"2018-10-11T06:11:03","slug":"organisation-de-lespace","status":"publish","type":"page","link":"https:\/\/www.spsressources.ch\/wordpress\/?page_id=14794","title":{"rendered":"Organisation de l&rsquo;espace"},"content":{"rendered":"<p>Habituellement, au cycle 2, l&rsquo;\u00e9l\u00e8ve organise ses affaires \u00e0 l&rsquo;int\u00e9rieur de sa table. Mais parfois, cela s&rsquo;av\u00e8re compliqu\u00e9.<\/p>\n<p>On peut faciliter le rangement en organisant un syst\u00e8me proche de sa table qui sera plus facile d&rsquo;acc\u00e8s et dans lequel il y aura plus d&rsquo;espace<\/p>\n<p><a href=\"http:\/\/www.spsressources.ch\/wordpress\/wp-content\/uploads\/2018\/10\/IMG_2030-1.jpg\"><img loading=\"lazy\" decoding=\"async\" class=\"alignnone wp-image-14795 size-medium\" src=\"http:\/\/www.spsressources.ch\/wordpress\/wp-content\/uploads\/2018\/10\/IMG_2030-1-225x300.jpg\" alt=\"\" width=\"225\" height=\"300\" srcset=\"https:\/\/www.spsressources.ch\/wordpress\/wp-content\/uploads\/2018\/10\/IMG_2030-1-225x300.jpg 225w, https:\/\/www.spsressources.ch\/wordpress\/wp-content\/uploads\/2018\/10\/IMG_2030-1.jpg 720w\" sizes=\"auto, (max-width: 225px) 100vw, 225px\" \/><\/a><\/p>\n<p>Au cycle 3, souvent l&rsquo;\u00e9l\u00e8ve b\u00e9n\u00e9ficie d&rsquo;un casier<\/p>\n<p><a href=\"http:\/\/www.spsressources.ch\/wordpress\/wp-content\/uploads\/2018\/10\/02_MM08SV00-G2-B6_2_fond_blanc.jpg\"><img loading=\"lazy\" decoding=\"async\" class=\"alignnone wp-image-14813 size-thumbnail\" src=\"http:\/\/www.spsressources.ch\/wordpress\/wp-content\/uploads\/2018\/10\/02_MM08SV00-G2-B6_2_fond_blanc-150x150.jpg\" alt=\"\" width=\"150\" height=\"150\" \/><\/a><\/p>\n<p>Ce-dessous, un syst\u00e8me de classement a \u00e9t\u00e9 ins\u00e9r\u00e9 dans le casier afin de faciliter l&rsquo;organisation de ses affaires<\/p>\n<p><a href=\"http:\/\/www.spsressources.ch\/wordpress\/wp-content\/uploads\/2018\/10\/IMG_8973.jpg\"><img loading=\"lazy\" decoding=\"async\" class=\"alignnone wp-image-14796 size-medium\" src=\"http:\/\/www.spsressources.ch\/wordpress\/wp-content\/uploads\/2018\/10\/IMG_8973-225x300.jpg\" alt=\"\" width=\"225\" height=\"300\" srcset=\"https:\/\/www.spsressources.ch\/wordpress\/wp-content\/uploads\/2018\/10\/IMG_8973-225x300.jpg 225w, https:\/\/www.spsressources.ch\/wordpress\/wp-content\/uploads\/2018\/10\/IMG_8973-768x1024.jpg 768w\" sizes=\"auto, (max-width: 225px) 100vw, 225px\" \/><\/a><\/p>\n<p>&nbsp;<\/p>\n","protected":false},"excerpt":{"rendered":"<p>Habituellement, au cycle 2, l&rsquo;\u00e9l\u00e8ve organise ses affaires \u00e0 l&rsquo;int\u00e9rieur de sa table. Mais parfois, cela s&rsquo;av\u00e8re compliqu\u00e9. On peut faciliter le rangement en organisant un syst\u00e8me proche de sa table qui sera plus facile d&rsquo;acc\u00e8s et dans lequel il &hellip; <a href=\"https:\/\/www.spsressources.ch\/wordpress\/?page_id=14794\">Continuer la lecture <span class=\"meta-nav\">&rarr;<\/span><\/a><\/p>\n","protected":false},"author":3472,"featured_media":0,"parent":14805,"menu_order":0,"comment_status":"closed","ping_status":"closed","template":"","meta":{"footnotes":""},"class_list":["post-14794","page","type-page","status-publish","hentry"],"_links":{"self":[{"href":"https:\/\/www.spsressources.ch\/wordpress\/index.php?rest_route=\/wp\/v2\/pages\/14794","targetHints":{"allow":["GET"]}}],"collection":[{"href":"https:\/\/www.spsressources.ch\/wordpress\/index.php?rest_route=\/wp\/v2\/pages"}],"about":[{"href":"https:\/\/www.spsressources.ch\/wordpress\/index.php?rest_route=\/wp\/v2\/types\/page"}],"author":[{"embeddable":true,"href":"https:\/\/www.spsressources.ch\/wordpress\/index.php?rest_route=\/wp\/v2\/users\/3472"}],"replies":[{"embeddable":true,"href":"https:\/\/www.spsressources.ch\/wordpress\/index.php?rest_route=%2Fwp%2Fv2%2Fcomments&post=14794"}],"version-history":[{"count":4,"href":"https:\/\/www.spsressources.ch\/wordpress\/index.php?rest_route=\/wp\/v2\/pages\/14794\/revisions"}],"predecessor-version":[{"id":14798,"href":"https:\/\/www.spsressources.ch\/wordpress\/index.php?rest_route=\/wp\/v2\/pages\/14794\/revisions\/14798"}],"up":[{"embeddable":true,"href":"https:\/\/www.spsressources.ch\/wordpress\/index.php?rest_route=\/wp\/v2\/pages\/14805"}],"wp:attachment":[{"href":"https:\/\/www.spsressources.ch\/wordpress\/index.php?rest_route=%2Fwp%2Fv2%2Fmedia&parent=14794"}],"curies":[{"name":"wp","href":"https:\/\/api.w.org\/{rel}","templated":true}]}}