{"id":14727,"date":"2018-10-10T04:31:19","date_gmt":"2018-10-10T04:31:19","guid":{"rendered":"http:\/\/www.spsressources.ch\/wordpress\/?page_id=14727"},"modified":"2019-04-06T16:38:23","modified_gmt":"2019-04-06T16:38:23","slug":"diminuer-le-stress-en-placant-des-coordonnees-dans-un-systeme-daxe","status":"publish","type":"page","link":"https:\/\/www.spsressources.ch\/wordpress\/?page_id=14727","title":{"rendered":"Coordonn\u00e9es dans un syst\u00e8me d&rsquo;axe"},"content":{"rendered":"<p>Afin de diminuer le stress cr\u00e9\u00e9 par le fait de placer des coordonn\u00e9es dans un syst\u00e8me d&rsquo;axe, il est possible de placer la fiche sur un support un peu dur.<\/p>\n<p>A la place de dessiner les points et de les relier au crayon, certains enfants appr\u00e9cieront de planter un petit clou et de relier les points avec de la laine.<\/p>\n<p><img loading=\"lazy\" decoding=\"async\" class=\"wp-image-14729  aligncenter\" style=\"font-size: 12px; line-height: 18px;\" src=\"http:\/\/www.spsressources.ch\/wordpress\/wp-content\/uploads\/2018\/10\/IMG_20180928_094802-1-1024x846.jpg\" alt=\"\" width=\"304\" height=\"251\" srcset=\"https:\/\/www.spsressources.ch\/wordpress\/wp-content\/uploads\/2018\/10\/IMG_20180928_094802-1-1024x846.jpg 1024w, https:\/\/www.spsressources.ch\/wordpress\/wp-content\/uploads\/2018\/10\/IMG_20180928_094802-1-300x248.jpg 300w, https:\/\/www.spsressources.ch\/wordpress\/wp-content\/uploads\/2018\/10\/IMG_20180928_094802-1-768x634.jpg 768w\" sizes=\"auto, (max-width: 304px) 100vw, 304px\" \/><\/p>\n<p>Avantages : en cas d&rsquo;er<span style=\"line-height: inherit;\">reur, il n<\/span><span style=\"line-height: inherit;\">&lsquo;y a pas besoin d&rsquo;effacer ce qui implique souvent beaucoup de stress<\/span><\/p>\n<p style=\"text-align: center;\">Et le r\u00e9sultat est un<span style=\"line-height: inherit;\">joli tabl<\/span><span style=\"line-height: inherit;\">eau !<\/span><\/p>\n<p style=\"text-align: center;\"><a href=\"http:\/\/www.spsressources.ch\/wordpress\/wp-content\/uploads\/2019\/04\/IMG_2465.jpg\"><img loading=\"lazy\" decoding=\"async\" class=\"alignnone  wp-image-16173\" src=\"http:\/\/www.spsressources.ch\/wordpress\/wp-content\/uploads\/2019\/04\/IMG_2465.jpg\" alt=\"\" width=\"263\" height=\"351\" srcset=\"https:\/\/www.spsressources.ch\/wordpress\/wp-content\/uploads\/2019\/04\/IMG_2465.jpg 720w, https:\/\/www.spsressources.ch\/wordpress\/wp-content\/uploads\/2019\/04\/IMG_2465-225x300.jpg 225w\" sizes=\"auto, (max-width: 263px) 100vw, 263px\" \/><\/a><\/p>\n","protected":false},"excerpt":{"rendered":"<p>Afin de diminuer le stress cr\u00e9\u00e9 par le fait de placer des coordonn\u00e9es dans un syst\u00e8me d&rsquo;axe, il est possible de placer la fiche sur un support un peu dur. A la place de dessiner les points et de les &hellip; <a href=\"https:\/\/www.spsressources.ch\/wordpress\/?page_id=14727\">Continuer la lecture <span class=\"meta-nav\">&rarr;<\/span><\/a><\/p>\n","protected":false},"author":3472,"featured_media":0,"parent":7646,"menu_order":0,"comment_status":"closed","ping_status":"closed","template":"","meta":{"footnotes":""},"class_list":["post-14727","page","type-page","status-publish","hentry"],"_links":{"self":[{"href":"https:\/\/www.spsressources.ch\/wordpress\/index.php?rest_route=\/wp\/v2\/pages\/14727","targetHints":{"allow":["GET"]}}],"collection":[{"href":"https:\/\/www.spsressources.ch\/wordpress\/index.php?rest_route=\/wp\/v2\/pages"}],"about":[{"href":"https:\/\/www.spsressources.ch\/wordpress\/index.php?rest_route=\/wp\/v2\/types\/page"}],"author":[{"embeddable":true,"href":"https:\/\/www.spsressources.ch\/wordpress\/index.php?rest_route=\/wp\/v2\/users\/3472"}],"replies":[{"embeddable":true,"href":"https:\/\/www.spsressources.ch\/wordpress\/index.php?rest_route=%2Fwp%2Fv2%2Fcomments&post=14727"}],"version-history":[{"count":5,"href":"https:\/\/www.spsressources.ch\/wordpress\/index.php?rest_route=\/wp\/v2\/pages\/14727\/revisions"}],"predecessor-version":[{"id":14731,"href":"https:\/\/www.spsressources.ch\/wordpress\/index.php?rest_route=\/wp\/v2\/pages\/14727\/revisions\/14731"}],"up":[{"embeddable":true,"href":"https:\/\/www.spsressources.ch\/wordpress\/index.php?rest_route=\/wp\/v2\/pages\/7646"}],"wp:attachment":[{"href":"https:\/\/www.spsressources.ch\/wordpress\/index.php?rest_route=%2Fwp%2Fv2%2Fmedia&parent=14727"}],"curies":[{"name":"wp","href":"https:\/\/api.w.org\/{rel}","templated":true}]}}