{"id":12844,"date":"2015-09-16T07:21:31","date_gmt":"2015-09-16T07:21:31","guid":{"rendered":"http:\/\/www.spsressources.ch\/wordpress\/?page_id=12844"},"modified":"2020-04-29T03:14:51","modified_gmt":"2020-04-29T03:14:51","slug":"support-mathematiques","status":"publish","type":"page","link":"https:\/\/www.spsressources.ch\/wordpress\/?page_id=12844","title":{"rendered":"support math\u00e9matiques"},"content":{"rendered":"<p>&nbsp;<\/p>\n<p><a href=\"http:\/\/www.spsressources.ch\/wordpress\/?page_id=2461\">fraction<\/a><\/p>\n<p><span style=\"text-decoration: underline;\"><span style=\"color: #800080; text-decoration: underline;\"><a href=\"http:\/\/www.spsressources.ch\/wordpress\/?page_id=5484\"><span style=\"color: #800080; text-decoration: underline;\">Relation entre nombre d\u00e9cimaux et fractions :no<\/span><\/a><span style=\"color: #800080; text-decoration: underline;\"><a href=\"http:\/\/www.spsressources.ch\/wordpress\/?page_id=5484\">tions de demi, tiers et dixi\u00e8me<\/a><\/span><\/span><\/span><\/p>\n<p><span style=\"text-decoration: underline;\"><span style=\"color: #800080;\"><a href=\"http:\/\/www.spsressources.ch\/wordpress\/?page_id=2568\"><span style=\"color: #800080; text-decoration: underline;\">syst\u00e8me d\u00e9cimal\u00a0<\/span><\/a><\/span><\/span><\/p>\n<p>&nbsp;<\/p>\n<p>&nbsp;<\/p>\n","protected":false},"excerpt":{"rendered":"<p>&nbsp; fraction Relation entre nombre d\u00e9cimaux et fractions :notions de demi, tiers et dixi\u00e8me syst\u00e8me d\u00e9cimal\u00a0 &nbsp; &nbsp;<\/p>\n","protected":false},"author":3472,"featured_media":0,"parent":581,"menu_order":0,"comment_status":"open","ping_status":"closed","template":"","meta":{"footnotes":""},"class_list":["post-12844","page","type-page","status-publish","hentry"],"_links":{"self":[{"href":"https:\/\/www.spsressources.ch\/wordpress\/index.php?rest_route=\/wp\/v2\/pages\/12844","targetHints":{"allow":["GET"]}}],"collection":[{"href":"https:\/\/www.spsressources.ch\/wordpress\/index.php?rest_route=\/wp\/v2\/pages"}],"about":[{"href":"https:\/\/www.spsressources.ch\/wordpress\/index.php?rest_route=\/wp\/v2\/types\/page"}],"author":[{"embeddable":true,"href":"https:\/\/www.spsressources.ch\/wordpress\/index.php?rest_route=\/wp\/v2\/users\/3472"}],"replies":[{"embeddable":true,"href":"https:\/\/www.spsressources.ch\/wordpress\/index.php?rest_route=%2Fwp%2Fv2%2Fcomments&post=12844"}],"version-history":[{"count":13,"href":"https:\/\/www.spsressources.ch\/wordpress\/index.php?rest_route=\/wp\/v2\/pages\/12844\/revisions"}],"predecessor-version":[{"id":16742,"href":"https:\/\/www.spsressources.ch\/wordpress\/index.php?rest_route=\/wp\/v2\/pages\/12844\/revisions\/16742"}],"up":[{"embeddable":true,"href":"https:\/\/www.spsressources.ch\/wordpress\/index.php?rest_route=\/wp\/v2\/pages\/581"}],"wp:attachment":[{"href":"https:\/\/www.spsressources.ch\/wordpress\/index.php?rest_route=%2Fwp%2Fv2%2Fmedia&parent=12844"}],"curies":[{"name":"wp","href":"https:\/\/api.w.org\/{rel}","templated":true}]}}