{"id":11691,"date":"2014-06-18T14:06:16","date_gmt":"2014-06-18T14:06:16","guid":{"rendered":"http:\/\/www.spsressources.ch\/wordpress\/?page_id=11691"},"modified":"2014-06-18T14:10:02","modified_gmt":"2014-06-18T14:10:02","slug":"structurer-le-temps","status":"publish","type":"page","link":"https:\/\/www.spsressources.ch\/wordpress\/?page_id=11691","title":{"rendered":"Structurer le temps"},"content":{"rendered":"<ul>\n<li><a href=\"http:\/\/www.mercidetaider.org\/pdf\/structurer-temps.pdf\">Brochure :\u00a0Structurer le temps avec un autiste,\u00a0Cr\u00e9ation &amp; conception des brochures : \u00c9lise Gu\u00e9rin &#8211; elisguerin@gmail.com<\/a><\/li>\n<\/ul>\n<p>&nbsp;<\/p>\n","protected":false},"excerpt":{"rendered":"<p>Brochure :\u00a0Structurer le temps avec un autiste,\u00a0Cr\u00e9ation &amp; conception des brochures : \u00c9lise Gu\u00e9rin &#8211; elisguerin@gmail.com &nbsp;<\/p>\n","protected":false},"author":3472,"featured_media":0,"parent":630,"menu_order":0,"comment_status":"open","ping_status":"closed","template":"","meta":{"footnotes":""},"class_list":["post-11691","page","type-page","status-publish","hentry"],"_links":{"self":[{"href":"https:\/\/www.spsressources.ch\/wordpress\/index.php?rest_route=\/wp\/v2\/pages\/11691","targetHints":{"allow":["GET"]}}],"collection":[{"href":"https:\/\/www.spsressources.ch\/wordpress\/index.php?rest_route=\/wp\/v2\/pages"}],"about":[{"href":"https:\/\/www.spsressources.ch\/wordpress\/index.php?rest_route=\/wp\/v2\/types\/page"}],"author":[{"embeddable":true,"href":"https:\/\/www.spsressources.ch\/wordpress\/index.php?rest_route=\/wp\/v2\/users\/3472"}],"replies":[{"embeddable":true,"href":"https:\/\/www.spsressources.ch\/wordpress\/index.php?rest_route=%2Fwp%2Fv2%2Fcomments&post=11691"}],"version-history":[{"count":5,"href":"https:\/\/www.spsressources.ch\/wordpress\/index.php?rest_route=\/wp\/v2\/pages\/11691\/revisions"}],"predecessor-version":[{"id":11694,"href":"https:\/\/www.spsressources.ch\/wordpress\/index.php?rest_route=\/wp\/v2\/pages\/11691\/revisions\/11694"}],"up":[{"embeddable":true,"href":"https:\/\/www.spsressources.ch\/wordpress\/index.php?rest_route=\/wp\/v2\/pages\/630"}],"wp:attachment":[{"href":"https:\/\/www.spsressources.ch\/wordpress\/index.php?rest_route=%2Fwp%2Fv2%2Fmedia&parent=11691"}],"curies":[{"name":"wp","href":"https:\/\/api.w.org\/{rel}","templated":true}]}}