{"id":11582,"date":"2014-05-13T14:36:40","date_gmt":"2014-05-13T14:36:40","guid":{"rendered":"http:\/\/www.spsressources.ch\/wordpress\/?page_id=11582"},"modified":"2017-06-29T09:20:31","modified_gmt":"2017-06-29T09:20:31","slug":"trouble-de-lattention-2","status":"publish","type":"page","link":"https:\/\/www.spsressources.ch\/wordpress\/?page_id=11582","title":{"rendered":"Trouble de l&rsquo;attention"},"content":{"rendered":"<p><span style=\"text-decoration: underline;\"><span style=\"color: #800080;\"><a href=\"http:\/\/www.ne.ch\/autorites\/DEF\/SEEO\/infos\/Documents\/ASPEDAH_Brochure_B.pdf\"><img loading=\"lazy\" decoding=\"async\" class=\"wp-image-14355 alignleft\" src=\"http:\/\/www.spsressources.ch\/wordpress\/wp-content\/uploads\/2014\/05\/Capture-d\u2019e\u0301cran-2017-06-29-a\u0300-11.15.04.png\" alt=\"\" width=\"162\" height=\"220\" srcset=\"https:\/\/www.spsressources.ch\/wordpress\/wp-content\/uploads\/2014\/05\/Capture-d\u2019e\u0301cran-2017-06-29-a\u0300-11.15.04.png 367w, https:\/\/www.spsressources.ch\/wordpress\/wp-content\/uploads\/2014\/05\/Capture-d\u2019e\u0301cran-2017-06-29-a\u0300-11.15.04-222x300.png 222w\" sizes=\"auto, (max-width: 162px) 100vw, 162px\" \/><\/a><a href=\"http:\/\/www.ne.ch\/autorites\/DEF\/SEEO\/infos\/Documents\/ASPEDAH_Brochure_B.pdf\">Brochure : \u00a0\u00bb Accompagner\u00a0\u00bb, \u00a0mars 2012, ASPEDAH<\/a><\/span><\/span><\/p>\n<p>&nbsp;<\/p>\n<p>&nbsp;<\/p>\n<p>&nbsp;<\/p>\n<p>&nbsp;<\/p>\n<p>&nbsp;<\/p>\n<p><a href=\"http:\/\/www.spsressources.ch\/wordpress\/wp-content\/uploads\/2014\/05\/Capture-d\u2019e\u0301cran-2017-06-29-a\u0300-11.19.06.png\"><img loading=\"lazy\" decoding=\"async\" class=\"wp-image-14358 alignleft\" src=\"http:\/\/www.spsressources.ch\/wordpress\/wp-content\/uploads\/2014\/05\/Capture-d\u2019e\u0301cran-2017-06-29-a\u0300-11.19.06.png\" alt=\"\" width=\"233\" height=\"167\" srcset=\"https:\/\/www.spsressources.ch\/wordpress\/wp-content\/uploads\/2014\/05\/Capture-d\u2019e\u0301cran-2017-06-29-a\u0300-11.19.06.png 654w, https:\/\/www.spsressources.ch\/wordpress\/wp-content\/uploads\/2014\/05\/Capture-d\u2019e\u0301cran-2017-06-29-a\u0300-11.19.06-300x214.png 300w\" sizes=\"auto, (max-width: 233px) 100vw, 233px\" \/><\/a>Trouble du d\u00e9ficit de l&rsquo;attention avec ou sans hyperactiit\u00e9, Informations \u00e0 l&rsquo;intention des enseignatns sur le trouble, les mesures de diff\u00e9rentiation p\u00e9dagogiques et la compensation des d\u00e9savantages, CDIP, CSPS, novembre 2016<\/p>\n<p style=\"text-align: center;\"><a href=\"http:\/\/www.ne.ch\/autorites\/DEF\/SEEO\/enseignement-specialise\/Documents\/Fiche%20information_Trouble%20d%C3%A9ficit%20attention_version%20longue.pdf\">version longue<\/a><\/p>\n<p style=\"text-align: center;\"><a href=\"http:\/\/www.ne.ch\/autorites\/DEF\/SEEO\/enseignement-specialise\/Documents\/Fiche%20information_Trouble%20d%C3%A9ficit%20attention_version%20courte.pdf\">version courte<\/a><\/p>\n","protected":false},"excerpt":{"rendered":"<p>Brochure : \u00a0\u00bb Accompagner\u00a0\u00bb, \u00a0mars 2012, ASPEDAH &nbsp; &nbsp; &nbsp; &nbsp; &nbsp; Trouble du d\u00e9ficit de l&rsquo;attention avec ou sans hyperactiit\u00e9, Informations \u00e0 l&rsquo;intention des enseignatns sur le trouble, les mesures de diff\u00e9rentiation p\u00e9dagogiques et la compensation des d\u00e9savantages, CDIP, &hellip; <a href=\"https:\/\/www.spsressources.ch\/wordpress\/?page_id=11582\">Continuer la lecture <span class=\"meta-nav\">&rarr;<\/span><\/a><\/p>\n","protected":false},"author":3472,"featured_media":0,"parent":104,"menu_order":6,"comment_status":"open","ping_status":"closed","template":"","meta":{"footnotes":""},"class_list":["post-11582","page","type-page","status-publish","hentry"],"_links":{"self":[{"href":"https:\/\/www.spsressources.ch\/wordpress\/index.php?rest_route=\/wp\/v2\/pages\/11582","targetHints":{"allow":["GET"]}}],"collection":[{"href":"https:\/\/www.spsressources.ch\/wordpress\/index.php?rest_route=\/wp\/v2\/pages"}],"about":[{"href":"https:\/\/www.spsressources.ch\/wordpress\/index.php?rest_route=\/wp\/v2\/types\/page"}],"author":[{"embeddable":true,"href":"https:\/\/www.spsressources.ch\/wordpress\/index.php?rest_route=\/wp\/v2\/users\/3472"}],"replies":[{"embeddable":true,"href":"https:\/\/www.spsressources.ch\/wordpress\/index.php?rest_route=%2Fwp%2Fv2%2Fcomments&post=11582"}],"version-history":[{"count":9,"href":"https:\/\/www.spsressources.ch\/wordpress\/index.php?rest_route=\/wp\/v2\/pages\/11582\/revisions"}],"predecessor-version":[{"id":11584,"href":"https:\/\/www.spsressources.ch\/wordpress\/index.php?rest_route=\/wp\/v2\/pages\/11582\/revisions\/11584"}],"up":[{"embeddable":true,"href":"https:\/\/www.spsressources.ch\/wordpress\/index.php?rest_route=\/wp\/v2\/pages\/104"}],"wp:attachment":[{"href":"https:\/\/www.spsressources.ch\/wordpress\/index.php?rest_route=%2Fwp%2Fv2%2Fmedia&parent=11582"}],"curies":[{"name":"wp","href":"https:\/\/api.w.org\/{rel}","templated":true}]}}