{"id":11166,"date":"2014-04-04T12:00:14","date_gmt":"2014-04-04T12:00:14","guid":{"rendered":"http:\/\/www.spsressources.ch\/wordpress\/?page_id=11166"},"modified":"2014-04-04T13:36:20","modified_gmt":"2014-04-04T13:36:20","slug":"entrainement-au-decodage-et-a-la-comprehension-en-lecture-1er-cycle","status":"publish","type":"page","link":"https:\/\/www.spsressources.ch\/wordpress\/?page_id=11166","title":{"rendered":"exercices pour entrainer la m\u00e9tacognition et les strat\u00e9gies d&rsquo;apprentissage"},"content":{"rendered":"<p>exercices pour entrainer la m\u00e9tacognition et les strat\u00e9gies d&rsquo;apprentissage, avec fascicule explicatif des exercices. D\u00e8s 7-8 ans.<br \/>\n<a href=\"http:\/\/www.spsressources.ch\/wordpress\/wp-content\/uploads\/2014\/04\/Image-632.png\"><img loading=\"lazy\" decoding=\"async\" class=\"size-medium wp-image-11167 aligncenter\" title=\"Image 63\" src=\"http:\/\/www.spsressources.ch\/wordpress\/wp-content\/uploads\/2014\/04\/Image-632-300x274.png\" alt=\"\" width=\"300\" height=\"274\" srcset=\"https:\/\/www.spsressources.ch\/wordpress\/wp-content\/uploads\/2014\/04\/Image-632-300x274.png 300w, https:\/\/www.spsressources.ch\/wordpress\/wp-content\/uploads\/2014\/04\/Image-632.png 625w\" sizes=\"auto, (max-width: 300px) 100vw, 300px\" \/><\/a><\/p>\n","protected":false},"excerpt":{"rendered":"<p>exercices pour entrainer la m\u00e9tacognition et les strat\u00e9gies d&rsquo;apprentissage, avec fascicule explicatif des exercices. D\u00e8s 7-8 ans.<\/p>\n","protected":false},"author":3472,"featured_media":0,"parent":11143,"menu_order":0,"comment_status":"open","ping_status":"closed","template":"","meta":{"footnotes":""},"class_list":["post-11166","page","type-page","status-publish","hentry"],"_links":{"self":[{"href":"https:\/\/www.spsressources.ch\/wordpress\/index.php?rest_route=\/wp\/v2\/pages\/11166","targetHints":{"allow":["GET"]}}],"collection":[{"href":"https:\/\/www.spsressources.ch\/wordpress\/index.php?rest_route=\/wp\/v2\/pages"}],"about":[{"href":"https:\/\/www.spsressources.ch\/wordpress\/index.php?rest_route=\/wp\/v2\/types\/page"}],"author":[{"embeddable":true,"href":"https:\/\/www.spsressources.ch\/wordpress\/index.php?rest_route=\/wp\/v2\/users\/3472"}],"replies":[{"embeddable":true,"href":"https:\/\/www.spsressources.ch\/wordpress\/index.php?rest_route=%2Fwp%2Fv2%2Fcomments&post=11166"}],"version-history":[{"count":6,"href":"https:\/\/www.spsressources.ch\/wordpress\/index.php?rest_route=\/wp\/v2\/pages\/11166\/revisions"}],"predecessor-version":[{"id":11169,"href":"https:\/\/www.spsressources.ch\/wordpress\/index.php?rest_route=\/wp\/v2\/pages\/11166\/revisions\/11169"}],"up":[{"embeddable":true,"href":"https:\/\/www.spsressources.ch\/wordpress\/index.php?rest_route=\/wp\/v2\/pages\/11143"}],"wp:attachment":[{"href":"https:\/\/www.spsressources.ch\/wordpress\/index.php?rest_route=%2Fwp%2Fv2%2Fmedia&parent=11166"}],"curies":[{"name":"wp","href":"https:\/\/api.w.org\/{rel}","templated":true}]}}