{"id":10681,"date":"2014-03-20T09:28:57","date_gmt":"2014-03-20T09:28:57","guid":{"rendered":"http:\/\/www.spsressources.ch\/wordpress\/?page_id=10681"},"modified":"2014-03-24T16:09:48","modified_gmt":"2014-03-24T16:09:48","slug":"situation-actuelle-sur-la-scolarisation-des-enfants-autistes-en-france-canal-autisme-janvier-2014","status":"publish","type":"page","link":"https:\/\/www.spsressources.ch\/wordpress\/?page_id=10681","title":{"rendered":"Situation actuelle sur la scolarisation des enfants autistes en France,  canal autisme, janvier 2014"},"content":{"rendered":"<p>Pr\u00e9sentation organis\u00e9e le 16 janvier 2014 et anim\u00e9e par Christine PHILIP, Anne-Val\u00e9rie DELAPLACE et Sandrine VENTANA.Les th\u00e8mes suivants sont abord\u00e9s :<\/p>\n<p>\u2022 la scolarisation des \u00e9l\u00e8ves avec autisme,<br \/>\n\u2022 l\u2019enfant autiste va \u00e0 l\u2019\u00e9cole<br \/>\n\u2022 le projet Canal Autisme<\/p>\n<p style=\"text-align: center;\">\u00a0<a href=\"http:\/\/theautismnews.com\/presentation-de-canal-autisme\/\">Cliquez ici pour voir la conf\u00e9rence<\/a><\/p>\n<p><a href=\"http:\/\/theautismnews.com\/presentation-de-canal-autisme\/\"><img loading=\"lazy\" decoding=\"async\" class=\"size-full wp-image-10682 aligncenter\" title=\"Image 17\" src=\"http:\/\/www.spsressources.ch\/wordpress\/wp-content\/uploads\/2014\/03\/Image-17.png\" alt=\"\" width=\"322\" height=\"180\" srcset=\"https:\/\/www.spsressources.ch\/wordpress\/wp-content\/uploads\/2014\/03\/Image-17.png 537w, https:\/\/www.spsressources.ch\/wordpress\/wp-content\/uploads\/2014\/03\/Image-17-300x167.png 300w\" sizes=\"auto, (max-width: 322px) 100vw, 322px\" \/><\/a><\/p>\n<p>&nbsp;<\/p>\n","protected":false},"excerpt":{"rendered":"<p>Pr\u00e9sentation organis\u00e9e le 16 janvier 2014 et anim\u00e9e par Christine PHILIP, Anne-Val\u00e9rie DELAPLACE et Sandrine VENTANA.Les th\u00e8mes suivants sont abord\u00e9s : \u2022 la scolarisation des \u00e9l\u00e8ves avec autisme, \u2022 l\u2019enfant autiste va \u00e0 l\u2019\u00e9cole \u2022 le projet Canal Autisme \u00a0Cliquez &hellip; <a href=\"https:\/\/www.spsressources.ch\/wordpress\/?page_id=10681\">Continuer la lecture <span class=\"meta-nav\">&rarr;<\/span><\/a><\/p>\n","protected":false},"author":3472,"featured_media":0,"parent":4042,"menu_order":0,"comment_status":"open","ping_status":"closed","template":"","meta":{"footnotes":""},"class_list":["post-10681","page","type-page","status-publish","hentry"],"_links":{"self":[{"href":"https:\/\/www.spsressources.ch\/wordpress\/index.php?rest_route=\/wp\/v2\/pages\/10681","targetHints":{"allow":["GET"]}}],"collection":[{"href":"https:\/\/www.spsressources.ch\/wordpress\/index.php?rest_route=\/wp\/v2\/pages"}],"about":[{"href":"https:\/\/www.spsressources.ch\/wordpress\/index.php?rest_route=\/wp\/v2\/types\/page"}],"author":[{"embeddable":true,"href":"https:\/\/www.spsressources.ch\/wordpress\/index.php?rest_route=\/wp\/v2\/users\/3472"}],"replies":[{"embeddable":true,"href":"https:\/\/www.spsressources.ch\/wordpress\/index.php?rest_route=%2Fwp%2Fv2%2Fcomments&post=10681"}],"version-history":[{"count":16,"href":"https:\/\/www.spsressources.ch\/wordpress\/index.php?rest_route=\/wp\/v2\/pages\/10681\/revisions"}],"predecessor-version":[{"id":10684,"href":"https:\/\/www.spsressources.ch\/wordpress\/index.php?rest_route=\/wp\/v2\/pages\/10681\/revisions\/10684"}],"up":[{"embeddable":true,"href":"https:\/\/www.spsressources.ch\/wordpress\/index.php?rest_route=\/wp\/v2\/pages\/4042"}],"wp:attachment":[{"href":"https:\/\/www.spsressources.ch\/wordpress\/index.php?rest_route=%2Fwp%2Fv2%2Fmedia&parent=10681"}],"curies":[{"name":"wp","href":"https:\/\/api.w.org\/{rel}","templated":true}]}}

<p>Présentation organisée le 16 janvier 2014 et animée par Christine PHILIP, Anne-Valérie DELAPLACE et Sandrine VENTANA.Les thèmes suivants sont abordés :</p>
<p>• la scolarisation des élèves avec autisme,<br />
• l’enfant autiste va à l’école<br />
• le projet Canal Autisme</p>
<p style="text-align: center;"> <a href="http://theautismnews.com/presentation-de-canal-autisme/">Cliquez ici pour voir la conférence</a></p>
<p><a href="http://theautismnews.com/presentation-de-canal-autisme/"><img loading="lazy" decoding="async" class="size-full wp-image-10682 aligncenter" title="Image 17" src="http://www.spsressources.ch/wordpress/wp-content/uploads/2014/03/Image-17.png" alt="" width="322" height="180" srcset="https://www.spsressources.ch/wordpress/wp-content/uploads/2014/03/Image-17.png 537w, https://www.spsressources.ch/wordpress/wp-content/uploads/2014/03/Image-17-300x167.png 300w" sizes="auto, (max-width: 322px) 100vw, 322px" /></a></p>
<p>&nbsp;</p>

<p>Présentation organisée le 16 janvier 2014 et animée par Christine PHILIP, Anne-Valérie DELAPLACE et Sandrine VENTANA.Les thèmes suivants sont abordés : • la scolarisation des élèves avec autisme, • l’enfant autiste va à l’école • le projet Canal Autisme  Cliquez &hellip; <a href="https://www.spsressources.ch/wordpress/?page_id=10681">Continuer la lecture <span class="meta-nav">&rarr;</span></a></p>
