{"id":10366,"date":"2014-03-07T13:07:45","date_gmt":"2014-03-07T13:07:45","guid":{"rendered":"http:\/\/www.spsressources.ch\/wordpress\/?page_id=10366"},"modified":"2018-05-30T11:46:45","modified_gmt":"2018-05-30T11:46:45","slug":"integration-scolaire","status":"publish","type":"page","link":"https:\/\/www.spsressources.ch\/wordpress\/?page_id=10366","title":{"rendered":"Int\u00e9gration scolaire"},"content":{"rendered":"<ul>\n<li><a href=\"http:\/\/www.spsressources.ch\/wordpress\/wp-content\/uploads\/2011\/12\/buerli_f-3.pdf\"><span style=\"color: #800080;\">L&rsquo;enseignement sp\u00e9cialis\u00e9 dans le syst\u00e8me suisse d&rsquo;\u00e9ducation et de formation, situation et prespectives, Dr. H.C. Alois B\u00fcrli, Berne 2005<\/span><\/a><\/li>\n<li><span style=\"text-decoration: underline;\"><span style=\"color: #800080; text-decoration: underline;\"><a href=\"http:\/\/www.spsressources.ch\/wordpress\/wp-content\/uploads\/2013\/09\/Compensation-des-d%C3%A9savantages-un-pas-vers-l-ecole-inclusive1.pdf\"><span style=\"color: #800080;\">\u00ab\u00a0Compensation des avantages et des inconv\u00e9nients\u00a0\u00bb, Congr\u00e8s sur la p\u00e9dagogie sp\u00e9cialis\u00e9e, Berne, 2013&Prime;<\/span><\/a><\/span><\/span><\/li>\n<li><span style=\"text-decoration: underline;\"><span style=\"color: #800080; text-decoration: underline;\"><a href=\"http:\/\/www.spsressources.ch\/wordpress\/?page_id=7953\"><span style=\"color: #800080; text-decoration: underline;\">Le co-enseignement \u00a0S. Tr\u00e9panier N. &amp; Par\u00e9, 2010<\/span><\/a><\/span><\/span><\/li>\n<li><span style=\"text-decoration: underline;\"><span style=\"color: #800080; text-decoration: underline;\"><a href=\"http:\/\/www.spsressources.ch\/wordpress\/?page_id=163\"><span style=\"color: #800080; text-decoration: underline;\">\u00a0\u00e9cho de la conf\u00e9rence \u00ab\u00a0La scolarisation des \u00e9l\u00e8ves en situation de handicap\u00a0\u00bb, \u00a0de Charles Gardou, 5 mai 2010<\/span><\/a><\/span><\/span><\/li>\n<li><span style=\"text-decoration: underline;\"><span style=\"color: #800080; text-decoration: underline;\"><a href=\"http:\/\/www.spsressources.ch\/wordpress\/?page_id=2828\"><span style=\"color: #800080; text-decoration: underline;\">Int\u00e9gration scolaire, par Louis Vaney, INSIEME, bulletin N0 174, septembre 2002<\/span><\/a><\/span><\/span><\/li>\n<li><span style=\"text-decoration: underline;\"><span style=\"color: #800080; text-decoration: underline;\"><a href=\"http:\/\/www.spsressources.ch\/wordpress\/?page_id=10681\"><span style=\"color: #800080; text-decoration: underline;\">situation actuelle de l&rsquo;int\u00e9gration des \u00e9l\u00e8ves autiste en France, conf\u00e9rence, canal autisme, janvier 2014<\/span><\/a><\/span><\/span><\/li>\n<li><a href=\"https:\/\/edudoc.ch\/static\/web\/arbeiten\/sonderpaed\/terminologie_f.pdf\"><span style=\"text-decoration: underline;\"><span style=\"color: #800080; text-decoration: underline;\"><span style=\"color: #800080; text-decoration: underline;\">Terminologie uniforme pour le domaine de la p\u00e9dagogie sp\u00e9cialis\u00e9e\u00a0adopt\u00e9e par la CDIP le 25 octobre 2007\u00a0sur la base de l\u2019accord intercantonal sur la collaboration\u00a0dans le domaine de la p\u00e9dagogie sp\u00e9cialis\u00e9ee<\/span><\/span><\/span><\/a><\/li>\n<li><span style=\"text-decoration: underline;\"><span style=\"color: #800080; text-decoration: underline;\"><a href=\"http:\/\/www.spsressources.ch\/wordpress\/?page_id=1328\"><span style=\"color: #800080; text-decoration: underline;\">\u00ab\u00a0La p\u00e9dagogie sp\u00e9cialis\u00e9e\u00a0\u00bb<\/span><\/a><a href=\"http:\/\/www.spsressources.ch\/wordpress\/?page_id=1328\"><span style=\"color: #800080; text-decoration: underline;\"> Bulletin de la CIIP, n\u00b0 25, Juin 2011<\/span><\/a><\/span><\/span><\/li>\n<li><a href=\"http:\/\/www.spsressources.ch\/wordpress\/wp-content\/uploads\/2014\/03\/livret-pedagogie-neuropsychologie-2.pdf\"><span style=\"color: #800080;\">P\u00e9dagogie et neuropsychologie, Quelles strat\u00e9gies pour les enseignants, 2016, R\u00e9mi Samier et Sylvie Jaques<\/span><\/a><\/li>\n<li><a href=\"http:\/\/www.spsressources.ch\/wordpress\/wp-content\/uploads\/2012\/04\/PEI-Ontario1.pdf\"><span style=\"text-decoration: underline;\"><span style=\"color: #800080; text-decoration: underline;\"><span style=\"color: #800080; text-decoration: underline;\">Plan d&rsquo;enseignement individualis\u00e9, minist\u00e8re de l&rsquo;\u00e9ducation, Ontario, guide 2004<\/span><\/span><\/span><\/a><\/li>\n<li><a href=\"http:\/\/insieme.ch\/wp-content\/uploads\/2010\/01\/f_ecole_pour_tous_autorites.pdf\"><span style=\"text-decoration: underline; color: #800080;\"><span style=\"color: #800080; text-decoration: underline;\">Une \u00e9cole pour tous et voil\u00e0 comment, INSIEME, octobre 2009<\/span><\/span><span style=\"color: #800080;\"><span style=\"text-decoration: underline;\"><br \/>\n<\/span><\/span><\/a><\/li>\n<\/ul>\n<p><span style=\"font-size: small;\"><span class=\"Apple-style-span\" style=\"line-height: 24px;\"><span style=\"text-decoration: underline;\"><br \/>\n<\/span><\/span><\/span><\/p>\n","protected":false},"excerpt":{"rendered":"<p>L&rsquo;enseignement sp\u00e9cialis\u00e9 dans le syst\u00e8me suisse d&rsquo;\u00e9ducation et de formation, situation et prespectives, Dr. H.C. Alois B\u00fcrli, Berne 2005 \u00ab\u00a0Compensation des avantages et des inconv\u00e9nients\u00a0\u00bb, Congr\u00e8s sur la p\u00e9dagogie sp\u00e9cialis\u00e9e, Berne, 2013&Prime; Le co-enseignement \u00a0S. Tr\u00e9panier N. &amp; Par\u00e9, 2010 &hellip; <a href=\"https:\/\/www.spsressources.ch\/wordpress\/?page_id=10366\">Continuer la lecture <span class=\"meta-nav\">&rarr;<\/span><\/a><\/p>\n","protected":false},"author":3472,"featured_media":0,"parent":104,"menu_order":1,"comment_status":"open","ping_status":"closed","template":"","meta":{"footnotes":""},"class_list":["post-10366","page","type-page","status-publish","hentry"],"_links":{"self":[{"href":"https:\/\/www.spsressources.ch\/wordpress\/index.php?rest_route=\/wp\/v2\/pages\/10366","targetHints":{"allow":["GET"]}}],"collection":[{"href":"https:\/\/www.spsressources.ch\/wordpress\/index.php?rest_route=\/wp\/v2\/pages"}],"about":[{"href":"https:\/\/www.spsressources.ch\/wordpress\/index.php?rest_route=\/wp\/v2\/types\/page"}],"author":[{"embeddable":true,"href":"https:\/\/www.spsressources.ch\/wordpress\/index.php?rest_route=\/wp\/v2\/users\/3472"}],"replies":[{"embeddable":true,"href":"https:\/\/www.spsressources.ch\/wordpress\/index.php?rest_route=%2Fwp%2Fv2%2Fcomments&post=10366"}],"version-history":[{"count":53,"href":"https:\/\/www.spsressources.ch\/wordpress\/index.php?rest_route=\/wp\/v2\/pages\/10366\/revisions"}],"predecessor-version":[{"id":14634,"href":"https:\/\/www.spsressources.ch\/wordpress\/index.php?rest_route=\/wp\/v2\/pages\/10366\/revisions\/14634"}],"up":[{"embeddable":true,"href":"https:\/\/www.spsressources.ch\/wordpress\/index.php?rest_route=\/wp\/v2\/pages\/104"}],"wp:attachment":[{"href":"https:\/\/www.spsressources.ch\/wordpress\/index.php?rest_route=%2Fwp%2Fv2%2Fmedia&parent=10366"}],"curies":[{"name":"wp","href":"https:\/\/api.w.org\/{rel}","templated":true}]}}