{"id":10013,"date":"2014-01-23T10:07:53","date_gmt":"2014-01-23T10:07:53","guid":{"rendered":"http:\/\/www.spsressources.ch\/wordpress\/?page_id=10013"},"modified":"2014-03-07T13:54:01","modified_gmt":"2014-03-07T13:54:01","slug":"epilepsie","status":"publish","type":"page","link":"https:\/\/www.spsressources.ch\/wordpress\/?page_id=10013","title":{"rendered":"Epil\u00e9psie"},"content":{"rendered":"<ul>\n<li><span style=\"text-decoration: underline;\"><span style=\"color: #800080;\"><a href=\"http:\/\/www.spsressources.ch\/wordpress\/?page_id=10008\"><span style=\"color: #800080; text-decoration: underline;\">Emission sur l&rsquo;\u00e9pil\u00e9psie, une fen\u00eatre ouverte sur le Cerveau, le 8 janvier 2014<\/span><\/a><\/span><\/span><\/li>\n<\/ul>\n","protected":false},"excerpt":{"rendered":"<p>Emission sur l&rsquo;\u00e9pil\u00e9psie, une fen\u00eatre ouverte sur le Cerveau, le 8 janvier 2014<\/p>\n","protected":false},"author":3472,"featured_media":0,"parent":4023,"menu_order":0,"comment_status":"open","ping_status":"closed","template":"","meta":{"footnotes":""},"class_list":["post-10013","page","type-page","status-publish","hentry"],"_links":{"self":[{"href":"https:\/\/www.spsressources.ch\/wordpress\/index.php?rest_route=\/wp\/v2\/pages\/10013","targetHints":{"allow":["GET"]}}],"collection":[{"href":"https:\/\/www.spsressources.ch\/wordpress\/index.php?rest_route=\/wp\/v2\/pages"}],"about":[{"href":"https:\/\/www.spsressources.ch\/wordpress\/index.php?rest_route=\/wp\/v2\/types\/page"}],"author":[{"embeddable":true,"href":"https:\/\/www.spsressources.ch\/wordpress\/index.php?rest_route=\/wp\/v2\/users\/3472"}],"replies":[{"embeddable":true,"href":"https:\/\/www.spsressources.ch\/wordpress\/index.php?rest_route=%2Fwp%2Fv2%2Fcomments&post=10013"}],"version-history":[{"count":5,"href":"https:\/\/www.spsressources.ch\/wordpress\/index.php?rest_route=\/wp\/v2\/pages\/10013\/revisions"}],"predecessor-version":[{"id":10015,"href":"https:\/\/www.spsressources.ch\/wordpress\/index.php?rest_route=\/wp\/v2\/pages\/10013\/revisions\/10015"}],"up":[{"embeddable":true,"href":"https:\/\/www.spsressources.ch\/wordpress\/index.php?rest_route=\/wp\/v2\/pages\/4023"}],"wp:attachment":[{"href":"https:\/\/www.spsressources.ch\/wordpress\/index.php?rest_route=%2Fwp%2Fv2%2Fmedia&parent=10013"}],"curies":[{"name":"wp","href":"https:\/\/api.w.org\/{rel}","templated":true}]}}