{"id":9614,"date":"2013-12-17T08:12:11","date_gmt":"2013-12-17T08:12:11","guid":{"rendered":"http:\/\/www.spsressources.ch\/wordpress\/?page_id=9614"},"modified":"2014-03-04T13:40:25","modified_gmt":"2014-03-04T13:40:25","slug":"calcul-litteral","status":"publish","type":"page","link":"http:\/\/www.spsressources.ch\/wordpress\/?page_id=9614","title":{"rendered":"Calcul litt\u00e9ral"},"content":{"rendered":"<p><span style=\"text-decoration: underline;\"><span style=\"color: #800080; text-decoration: underline;\"><a href=\"http:\/\/www.spsressources.ch\/wordpress\/?page_id=5573\"><span style=\"color: #800080; text-decoration: underline;\">Support \u00e0 la r\u00e9alisation de calcul litt\u00e9ral<\/span><\/a><\/span><\/span><\/p>\n<p><span style=\"text-decoration: underline;\"><span style=\"color: #800080; text-decoration: underline;\"><a href=\"http:\/\/www.spsressources.ch\/wordpress\/?page_id=9595\"><span style=\"color: #800080; text-decoration: underline;\">Support pour r\u00e9aliser des \u00e9quations \u00e0 une inconnue<\/span><\/a><\/span><\/span><\/p>\n<p><span style=\"text-decoration: underline;\"><span style=\"color: #800080; text-decoration: underline;\"><a href=\"http:\/\/www.spsressources.ch\/wordpress\/?page_id=9608\"><span style=\"color: #800080; text-decoration: underline;\">Mod\u00e8le pour r\u00e9aliser des \u00e9quations<\/span><\/a><\/span><\/span><\/p>\n<p>Support pour r\u00e9aliser des \u00e9quations \u00e0 deux inconnues<\/p>\n<p>&nbsp;<\/p>\n<p>&nbsp;<\/p>\n<p>&nbsp;<\/p>\n","protected":false},"excerpt":{"rendered":"<p>Support \u00e0 la r\u00e9alisation de calcul litt\u00e9ral Support pour r\u00e9aliser des \u00e9quations \u00e0 une inconnue Mod\u00e8le pour r\u00e9aliser des \u00e9quations Support pour r\u00e9aliser des \u00e9quations \u00e0 deux inconnues &nbsp; &nbsp; &nbsp;<\/p>\n","protected":false},"author":3472,"featured_media":0,"parent":581,"menu_order":0,"comment_status":"open","ping_status":"closed","template":"","meta":{"footnotes":""},"class_list":["post-9614","page","type-page","status-publish","hentry"],"_links":{"self":[{"href":"http:\/\/www.spsressources.ch\/wordpress\/index.php?rest_route=\/wp\/v2\/pages\/9614","targetHints":{"allow":["GET"]}}],"collection":[{"href":"http:\/\/www.spsressources.ch\/wordpress\/index.php?rest_route=\/wp\/v2\/pages"}],"about":[{"href":"http:\/\/www.spsressources.ch\/wordpress\/index.php?rest_route=\/wp\/v2\/types\/page"}],"author":[{"embeddable":true,"href":"http:\/\/www.spsressources.ch\/wordpress\/index.php?rest_route=\/wp\/v2\/users\/3472"}],"replies":[{"embeddable":true,"href":"http:\/\/www.spsressources.ch\/wordpress\/index.php?rest_route=%2Fwp%2Fv2%2Fcomments&post=9614"}],"version-history":[{"count":10,"href":"http:\/\/www.spsressources.ch\/wordpress\/index.php?rest_route=\/wp\/v2\/pages\/9614\/revisions"}],"predecessor-version":[{"id":9616,"href":"http:\/\/www.spsressources.ch\/wordpress\/index.php?rest_route=\/wp\/v2\/pages\/9614\/revisions\/9616"}],"up":[{"embeddable":true,"href":"http:\/\/www.spsressources.ch\/wordpress\/index.php?rest_route=\/wp\/v2\/pages\/581"}],"wp:attachment":[{"href":"http:\/\/www.spsressources.ch\/wordpress\/index.php?rest_route=%2Fwp%2Fv2%2Fmedia&parent=9614"}],"curies":[{"name":"wp","href":"https:\/\/api.w.org\/{rel}","templated":true}]}}