{"id":7154,"date":"2013-02-18T15:01:58","date_gmt":"2013-02-18T15:01:58","guid":{"rendered":"http:\/\/www.spsressources.ch\/wordpress\/?page_id=7154"},"modified":"2013-02-18T15:01:58","modified_gmt":"2013-02-18T15:01:58","slug":"getting-ready-to-print","status":"publish","type":"page","link":"http:\/\/www.spsressources.ch\/wordpress\/?page_id=7154","title":{"rendered":"Getting ready to print"},"content":{"rendered":"<p><a href=\"http:\/\/www.spsressources.ch\/wordpress\/wp-content\/uploads\/2013\/02\/Image-48.png\"><img loading=\"lazy\" decoding=\"async\" class=\"alignnone size-full wp-image-7155\" title=\"Image 48\" src=\"http:\/\/www.spsressources.ch\/wordpress\/wp-content\/uploads\/2013\/02\/Image-48.png\" alt=\"\" width=\"282\" height=\"177\" \/><\/a><a href=\"http:\/\/www.spsressources.ch\/wordpress\/wp-content\/uploads\/2013\/02\/Image-49.png\"><img loading=\"lazy\" decoding=\"async\" class=\"alignnone size-full wp-image-7157\" title=\"Image 49\" src=\"http:\/\/www.spsressources.ch\/wordpress\/wp-content\/uploads\/2013\/02\/Image-49.png\" alt=\"\" width=\"288\" height=\"186\" \/><\/a><\/p>\n<p>Ces deux livres 8\u00e9cris-efface) pour s&rsquo;exercer \u00e0 la graphomotricit\u00e9 (lignes, vagues, cercles, lettres&#8230;)<\/p>\n","protected":false},"excerpt":{"rendered":"<p>Ces deux livres 8\u00e9cris-efface) pour s&rsquo;exercer \u00e0 la graphomotricit\u00e9 (lignes, vagues, cercles, lettres&#8230;)<\/p>\n","protected":false},"author":3472,"featured_media":0,"parent":7149,"menu_order":0,"comment_status":"open","ping_status":"closed","template":"","meta":{"footnotes":""},"class_list":["post-7154","page","type-page","status-publish","hentry"],"_links":{"self":[{"href":"http:\/\/www.spsressources.ch\/wordpress\/index.php?rest_route=\/wp\/v2\/pages\/7154","targetHints":{"allow":["GET"]}}],"collection":[{"href":"http:\/\/www.spsressources.ch\/wordpress\/index.php?rest_route=\/wp\/v2\/pages"}],"about":[{"href":"http:\/\/www.spsressources.ch\/wordpress\/index.php?rest_route=\/wp\/v2\/types\/page"}],"author":[{"embeddable":true,"href":"http:\/\/www.spsressources.ch\/wordpress\/index.php?rest_route=\/wp\/v2\/users\/3472"}],"replies":[{"embeddable":true,"href":"http:\/\/www.spsressources.ch\/wordpress\/index.php?rest_route=%2Fwp%2Fv2%2Fcomments&post=7154"}],"version-history":[{"count":2,"href":"http:\/\/www.spsressources.ch\/wordpress\/index.php?rest_route=\/wp\/v2\/pages\/7154\/revisions"}],"predecessor-version":[{"id":7159,"href":"http:\/\/www.spsressources.ch\/wordpress\/index.php?rest_route=\/wp\/v2\/pages\/7154\/revisions\/7159"}],"up":[{"embeddable":true,"href":"http:\/\/www.spsressources.ch\/wordpress\/index.php?rest_route=\/wp\/v2\/pages\/7149"}],"wp:attachment":[{"href":"http:\/\/www.spsressources.ch\/wordpress\/index.php?rest_route=%2Fwp%2Fv2%2Fmedia&parent=7154"}],"curies":[{"name":"wp","href":"https:\/\/api.w.org\/{rel}","templated":true}]}}