{"id":6050,"date":"2012-10-23T20:38:51","date_gmt":"2012-10-23T20:38:51","guid":{"rendered":"http:\/\/www.spsressources.ch\/wordpress\/?page_id=6050"},"modified":"2014-04-04T12:39:56","modified_gmt":"2014-04-04T12:39:56","slug":"6050-2","status":"publish","type":"page","link":"http:\/\/www.spsressources.ch\/wordpress\/?page_id=6050","title":{"rendered":"Le loto des alphas"},"content":{"rendered":"<p><strong>Pr\u00e9sentation :<\/strong><br \/>\nLe\u00a0<strong>loto des alphas<\/strong>\u00a0permet aux enfants d\u2019\u00e9crire des mots, \u00e0 l\u2019aide de petits cartons repr\u00e9sentant les Alphas<\/p>\n<p><a href=\"http:\/\/www.youtube.com\/watch?v=EXxvo37keV8\">vid\u00e9o \u00e0 \u00a0voir sous youtube<\/a><\/p>\n<p style=\"text-align: center;\">A emprunter dans notre armoire ou \u00a0aupr\u00e8s de Jo\u00eblle<img loading=\"lazy\" decoding=\"async\" class=\"aligncenter size-full wp-image-6052\" title=\"Image 31\" src=\"http:\/\/www.spsressources.ch\/wordpress\/wp-content\/uploads\/2012\/10\/Image-312.png\" alt=\"\" width=\"444\" height=\"312\" srcset=\"http:\/\/www.spsressources.ch\/wordpress\/wp-content\/uploads\/2012\/10\/Image-312.png 740w, http:\/\/www.spsressources.ch\/wordpress\/wp-content\/uploads\/2012\/10\/Image-312-300x210.png 300w\" sizes=\"auto, (max-width: 444px) 100vw, 444px\" \/><a href=\"http:\/\/www.spsressources.ch\/wordpress\/wp-content\/uploads\/2012\/10\/Image-32.png\"><img loading=\"lazy\" decoding=\"async\" class=\"aligncenter size-full wp-image-6053\" title=\"Image 32\" src=\"http:\/\/www.spsressources.ch\/wordpress\/wp-content\/uploads\/2012\/10\/Image-32.png\" alt=\"\" width=\"524\" height=\"328\" srcset=\"http:\/\/www.spsressources.ch\/wordpress\/wp-content\/uploads\/2012\/10\/Image-32.png 749w, http:\/\/www.spsressources.ch\/wordpress\/wp-content\/uploads\/2012\/10\/Image-32-300x187.png 300w\" sizes=\"auto, (max-width: 524px) 100vw, 524px\" \/><\/a><\/p>\n<p>Une enseignante a cr\u00e9\u00e9 une feuille de route destin\u00e9e \u00e0 l&rsquo;\u00e9l\u00e8ve et nous permet d&rsquo;en profiter !<\/p>\n<p><a href=\"http:\/\/www.spsressources.ch\/wordpress\/wp-content\/uploads\/2012\/10\/loto-des-alphas.pdf\">la feuille de route du loto des alphas de 1 \u00e0 60<\/a><a href=\"http:\/\/www.spsressources.ch\/wordpress\/wp-content\/uploads\/2012\/10\/Capture-d%E2%80%99%C3%A9cran-2012-11-07-%C3%A0-13.10.47.png\"><img loading=\"lazy\" decoding=\"async\" title=\"Capture d\u2019\u00e9cran 2012-11-07 \u00e0 13.10.47\" src=\"http:\/\/www.spsressources.ch\/wordpress\/wp-content\/uploads\/2012\/10\/Capture-d%E2%80%99%C3%A9cran-2012-11-07-%C3%A0-13.10.47.png\" alt=\"\" width=\"330\" height=\"235\" \/><\/a><\/p>\n<p style=\"text-align: left;\"><a href=\"http:\/\/www.spsressources.ch\/wordpress\/wp-content\/uploads\/2012\/10\/loto-des-alphas-suite.pdf\">la feuille de route du loto des alphas \u00a0de 61 \u00e0 94t<\/a><a href=\"http:\/\/www.spsressources.ch\/wordpress\/wp-content\/uploads\/2012\/10\/Capture-d%E2%80%99%C3%A9cran-2012-11-07-%C3%A0-13.12.45.png\"><img loading=\"lazy\" decoding=\"async\" title=\"Capture d\u2019\u00e9cran 2012-11-07 \u00e0 13.12.45\" src=\"http:\/\/www.spsressources.ch\/wordpress\/wp-content\/uploads\/2012\/10\/Capture-d%E2%80%99%C3%A9cran-2012-11-07-%C3%A0-13.12.45.png\" alt=\"\" width=\"334\" height=\"230\" \/><\/a><\/p>\n<p style=\"text-align: left;\">Les cartes-lettres de ce jeu \u00e9tant nombreuses, l&rsquo;enfant a de la peine \u00e0 s&rsquo;y retrouver.<\/p>\n<p><a href=\"http:\/\/www.spsressources.ch\/wordpress\/wp-content\/uploads\/2012\/10\/Image-24.png\"><img loading=\"lazy\" decoding=\"async\" class=\"alignleft\" title=\"Image 2\" src=\"http:\/\/www.spsressources.ch\/wordpress\/wp-content\/uploads\/2012\/10\/Image-24.png\" alt=\"\" width=\"260\" height=\"196\" \/><\/a><\/p>\n<p>&nbsp;<\/p>\n<p>&nbsp;<\/p>\n<p>&nbsp;<\/p>\n<p>&nbsp;<\/p>\n<p>&nbsp;<\/p>\n<p>Afin d&rsquo;\u00e9viter une perte de temps \u00e0 chercher la bonne carte, voici <a href=\" http:\/\/www.spsressources.ch\/wordpress\/?page_id=6204 \">des supports pour les cartes-lettres \u00e0 fabriquer soi-m\u00eame !<\/a><\/p>\n<p><a href=\"http:\/\/www.spsressources.ch\/wordpress\/wp-content\/uploads\/2012\/10\/Image-71.png\"><img loading=\"lazy\" decoding=\"async\" title=\"Image 7\" src=\"http:\/\/www.spsressources.ch\/wordpress\/wp-content\/uploads\/2012\/10\/Image-71.png\" alt=\"\" width=\"451\" height=\"219\" \/><\/a><\/p>\n<p>&nbsp;<\/p>\n","protected":false},"excerpt":{"rendered":"<p>Pr\u00e9sentation : Le\u00a0loto des alphas\u00a0permet aux enfants d\u2019\u00e9crire des mots, \u00e0 l\u2019aide de petits cartons repr\u00e9sentant les Alphas vid\u00e9o \u00e0 \u00a0voir sous youtube A emprunter dans notre armoire ou \u00a0aupr\u00e8s de Jo\u00eblle Une enseignante a cr\u00e9\u00e9 une feuille de route &hellip; <a href=\"http:\/\/www.spsressources.ch\/wordpress\/?page_id=6050\">Continuer la lecture <span class=\"meta-nav\">&rarr;<\/span><\/a><\/p>\n","protected":false},"author":3472,"featured_media":0,"parent":11176,"menu_order":0,"comment_status":"open","ping_status":"closed","template":"","meta":{"footnotes":""},"class_list":["post-6050","page","type-page","status-publish","hentry"],"_links":{"self":[{"href":"http:\/\/www.spsressources.ch\/wordpress\/index.php?rest_route=\/wp\/v2\/pages\/6050","targetHints":{"allow":["GET"]}}],"collection":[{"href":"http:\/\/www.spsressources.ch\/wordpress\/index.php?rest_route=\/wp\/v2\/pages"}],"about":[{"href":"http:\/\/www.spsressources.ch\/wordpress\/index.php?rest_route=\/wp\/v2\/types\/page"}],"author":[{"embeddable":true,"href":"http:\/\/www.spsressources.ch\/wordpress\/index.php?rest_route=\/wp\/v2\/users\/3472"}],"replies":[{"embeddable":true,"href":"http:\/\/www.spsressources.ch\/wordpress\/index.php?rest_route=%2Fwp%2Fv2%2Fcomments&post=6050"}],"version-history":[{"count":28,"href":"http:\/\/www.spsressources.ch\/wordpress\/index.php?rest_route=\/wp\/v2\/pages\/6050\/revisions"}],"predecessor-version":[{"id":6056,"href":"http:\/\/www.spsressources.ch\/wordpress\/index.php?rest_route=\/wp\/v2\/pages\/6050\/revisions\/6056"}],"up":[{"embeddable":true,"href":"http:\/\/www.spsressources.ch\/wordpress\/index.php?rest_route=\/wp\/v2\/pages\/11176"}],"wp:attachment":[{"href":"http:\/\/www.spsressources.ch\/wordpress\/index.php?rest_route=%2Fwp%2Fv2%2Fmedia&parent=6050"}],"curies":[{"name":"wp","href":"https:\/\/api.w.org\/{rel}","templated":true}]}}