{"id":477,"date":"2011-10-25T05:04:57","date_gmt":"2011-10-25T05:04:57","guid":{"rendered":"http:\/\/www.vallelian.net\/sps\/wordpress\/?page_id=477"},"modified":"2012-08-29T12:10:47","modified_gmt":"2012-08-29T12:10:47","slug":"trisomie","status":"publish","type":"page","link":"http:\/\/www.spsressources.ch\/wordpress\/?page_id=477","title":{"rendered":"Trisomie 21"},"content":{"rendered":"<p>Trisomie 21<\/p>\n<p><strong><em><br \/>\n<\/em><\/strong><\/p>\n<ul>\n<li><strong>Une petite\u00a0s\u0153ur particuli\u00e8re\u00a0<\/strong><strong>(2007)<\/strong><strong>\u00a0<\/strong>Claude Helft et Madeleine Brunelet, Actes Sud Junior. Petit livre de poche, 76 p. D\u00e8s 10 ans, quelques illustrations, \u00ab\u00a0roman\u00a0\u00bb \u00e0 lire ou \u00e0 raconter. <strong><em>V\u00e9ronique<\/em><\/strong><a href=\"http:\/\/www.vallelian.net\/sps\/wordpress\/wp-content\/uploads\/2011\/10\/Image-46.png\"><img loading=\"lazy\" decoding=\"async\" class=\"aligncenter size-full wp-image-1810\" title=\"Image 46\" src=\"http:\/\/www.vallelian.net\/sps\/wordpress\/wp-content\/uploads\/2011\/10\/Image-46.png\" alt=\"\" width=\"214\" height=\"305\" srcset=\"http:\/\/www.spsressources.ch\/wordpress\/wp-content\/uploads\/2011\/10\/Image-46.png 214w, http:\/\/www.spsressources.ch\/wordpress\/wp-content\/uploads\/2011\/10\/Image-46-210x300.png 210w\" sizes=\"auto, (max-width: 214px) 100vw, 214px\" \/><\/a><\/li>\n<\/ul>\n<p><strong><em><br \/>\n<\/em><\/strong><\/p>\n<ul>\n<li>\u00a0<strong>Un petit fr\u00e8re pas comme les autres\u00a0<\/strong><strong>\u00a0<\/strong>Marie-H\u00e9l\u00e8ne Delval\/Susan Varley, Bayard poche (de 3 \u00e0 7 ans). <strong><em>Dominique, sylviane<\/em><\/strong><a href=\"http:\/\/www.vallelian.net\/sps\/wordpress\/wp-content\/uploads\/2011\/10\/Image-47.png\"><img loading=\"lazy\" decoding=\"async\" class=\"aligncenter size-full wp-image-1812\" title=\"Image 47\" src=\"http:\/\/www.vallelian.net\/sps\/wordpress\/wp-content\/uploads\/2011\/10\/Image-47.png\" alt=\"\" width=\"199\" height=\"270\" \/><\/a><\/li>\n<li>\u00a0\u00a0\u00a0<strong>Qui est Laurette?<\/strong>\u00a0Florence Cadier\/St\u00e9phane Girel, Nathan (de 5 \u00e0 7 ans). <strong><em>Dominique<\/em><\/strong><a href=\"http:\/\/www.vallelian.net\/sps\/wordpress\/wp-content\/uploads\/2011\/10\/Image-48.png\"><img loading=\"lazy\" decoding=\"async\" class=\"aligncenter size-full wp-image-1814\" title=\"Image 48\" src=\"http:\/\/www.vallelian.net\/sps\/wordpress\/wp-content\/uploads\/2011\/10\/Image-48.png\" alt=\"\" width=\"228\" height=\"308\" srcset=\"http:\/\/www.spsressources.ch\/wordpress\/wp-content\/uploads\/2011\/10\/Image-48.png 228w, http:\/\/www.spsressources.ch\/wordpress\/wp-content\/uploads\/2011\/10\/Image-48-222x300.png 222w\" sizes=\"auto, (max-width: 228px) 100vw, 228px\" \/><\/a><\/li>\n<li><em><strong>Fid\u00e9lie et Annabelle<\/strong><\/em><em>,<\/em>\u00a0Brigitte Marleau, collection \u00ab\u00a0Au coeur des diff\u00e9rences\u00a0\u00bb,\u00a0Boomerang Editeur\u00a0jeunesse. <strong><em>Dominique<\/em><\/strong><a href=\"http:\/\/www.vallelian.net\/sps\/wordpress\/wp-content\/uploads\/2011\/10\/Image-49.png\"><img loading=\"lazy\" decoding=\"async\" class=\"aligncenter size-full wp-image-1816\" title=\"Image 49\" src=\"http:\/\/www.vallelian.net\/sps\/wordpress\/wp-content\/uploads\/2011\/10\/Image-49.png\" alt=\"\" width=\"302\" height=\"277\" srcset=\"http:\/\/www.spsressources.ch\/wordpress\/wp-content\/uploads\/2011\/10\/Image-49.png 302w, http:\/\/www.spsressources.ch\/wordpress\/wp-content\/uploads\/2011\/10\/Image-49-300x275.png 300w\" sizes=\"auto, (max-width: 302px) 100vw, 302px\" \/><\/a><\/li>\n<\/ul>\n<p>&nbsp;<\/p>\n<ul>\n<li><strong>Un petit fr\u00e8re pas comme les autres<\/strong>, \u00e9dition Bayar Poche -petit livre de poche, 45 p. + illustrations.<\/li>\n<\/ul>\n<p><strong><em><br \/>\n<\/em><\/strong><\/p>\n<ul>\n<li>\u00a0<strong>Triso Mike<\/strong>\u00a0(2005), Charlotte Mollet, Ed. Thierry Magnier. EE et 1P. Vraiment pas terrible\u00a0!! <strong><em>V\u00e9ronique<\/em><\/strong><a href=\"http:\/\/www.vallelian.net\/sps\/wordpress\/wp-content\/uploads\/2011\/10\/Image-511.png\"><img loading=\"lazy\" decoding=\"async\" class=\"aligncenter size-full wp-image-1820\" title=\"Image 51\" src=\"http:\/\/www.vallelian.net\/sps\/wordpress\/wp-content\/uploads\/2011\/10\/Image-511.png\" alt=\"\" width=\"215\" height=\"303\" srcset=\"http:\/\/www.spsressources.ch\/wordpress\/wp-content\/uploads\/2011\/10\/Image-511.png 215w, http:\/\/www.spsressources.ch\/wordpress\/wp-content\/uploads\/2011\/10\/Image-511-212x300.png 212w\" sizes=\"auto, (max-width: 215px) 100vw, 215px\" \/><\/a><\/li>\n<\/ul>\n","protected":false},"excerpt":{"rendered":"<p>Trisomie 21 Une petite\u00a0s\u0153ur particuli\u00e8re\u00a0(2007)\u00a0Claude Helft et Madeleine Brunelet, Actes Sud Junior. Petit livre de poche, 76 p. D\u00e8s 10 ans, quelques illustrations, \u00ab\u00a0roman\u00a0\u00bb \u00e0 lire ou \u00e0 raconter. V\u00e9ronique \u00a0Un petit fr\u00e8re pas comme les autres\u00a0\u00a0Marie-H\u00e9l\u00e8ne Delval\/Susan Varley, Bayard &hellip; <a href=\"http:\/\/www.spsressources.ch\/wordpress\/?page_id=477\">Continuer la lecture <span class=\"meta-nav\">&rarr;<\/span><\/a><\/p>\n","protected":false},"author":3472,"featured_media":0,"parent":344,"menu_order":0,"comment_status":"open","ping_status":"closed","template":"","meta":{"footnotes":""},"class_list":["post-477","page","type-page","status-publish","hentry"],"_links":{"self":[{"href":"http:\/\/www.spsressources.ch\/wordpress\/index.php?rest_route=\/wp\/v2\/pages\/477","targetHints":{"allow":["GET"]}}],"collection":[{"href":"http:\/\/www.spsressources.ch\/wordpress\/index.php?rest_route=\/wp\/v2\/pages"}],"about":[{"href":"http:\/\/www.spsressources.ch\/wordpress\/index.php?rest_route=\/wp\/v2\/types\/page"}],"author":[{"embeddable":true,"href":"http:\/\/www.spsressources.ch\/wordpress\/index.php?rest_route=\/wp\/v2\/users\/3472"}],"replies":[{"embeddable":true,"href":"http:\/\/www.spsressources.ch\/wordpress\/index.php?rest_route=%2Fwp%2Fv2%2Fcomments&post=477"}],"version-history":[{"count":13,"href":"http:\/\/www.spsressources.ch\/wordpress\/index.php?rest_route=\/wp\/v2\/pages\/477\/revisions"}],"predecessor-version":[{"id":479,"href":"http:\/\/www.spsressources.ch\/wordpress\/index.php?rest_route=\/wp\/v2\/pages\/477\/revisions\/479"}],"up":[{"embeddable":true,"href":"http:\/\/www.spsressources.ch\/wordpress\/index.php?rest_route=\/wp\/v2\/pages\/344"}],"wp:attachment":[{"href":"http:\/\/www.spsressources.ch\/wordpress\/index.php?rest_route=%2Fwp%2Fv2%2Fmedia&parent=477"}],"curies":[{"name":"wp","href":"https:\/\/api.w.org\/{rel}","templated":true}]}}

<p>Trisomie 21</p>
<p><strong><em><br />
</em></strong></p>
<ul>
<li><strong>Une petite sœur particulière </strong><strong>(2007)</strong><strong> </strong>Claude Helft et Madeleine Brunelet, Actes Sud Junior. Petit livre de poche, 76 p. Dès 10 ans, quelques illustrations, « roman » à lire ou à raconter. <strong><em>Véronique</em></strong><a href="http://www.vallelian.net/sps/wordpress/wp-content/uploads/2011/10/Image-46.png"><img loading="lazy" decoding="async" class="aligncenter size-full wp-image-1810" title="Image 46" src="http://www.vallelian.net/sps/wordpress/wp-content/uploads/2011/10/Image-46.png" alt="" width="214" height="305" srcset="http://www.spsressources.ch/wordpress/wp-content/uploads/2011/10/Image-46.png 214w, http://www.spsressources.ch/wordpress/wp-content/uploads/2011/10/Image-46-210x300.png 210w" sizes="auto, (max-width: 214px) 100vw, 214px" /></a></li>
</ul>
<p><strong><em><br />
</em></strong></p>
<ul>
<li> <strong>Un petit frère pas comme les autres </strong><strong> </strong>Marie-Hélène Delval/Susan Varley, Bayard poche (de 3 à 7 ans). <strong><em>Dominique, sylviane</em></strong><a href="http://www.vallelian.net/sps/wordpress/wp-content/uploads/2011/10/Image-47.png"><img loading="lazy" decoding="async" class="aligncenter size-full wp-image-1812" title="Image 47" src="http://www.vallelian.net/sps/wordpress/wp-content/uploads/2011/10/Image-47.png" alt="" width="199" height="270" /></a></li>
<li>   <strong>Qui est Laurette?</strong> Florence Cadier/Stéphane Girel, Nathan (de 5 à 7 ans). <strong><em>Dominique</em></strong><a href="http://www.vallelian.net/sps/wordpress/wp-content/uploads/2011/10/Image-48.png"><img loading="lazy" decoding="async" class="aligncenter size-full wp-image-1814" title="Image 48" src="http://www.vallelian.net/sps/wordpress/wp-content/uploads/2011/10/Image-48.png" alt="" width="228" height="308" srcset="http://www.spsressources.ch/wordpress/wp-content/uploads/2011/10/Image-48.png 228w, http://www.spsressources.ch/wordpress/wp-content/uploads/2011/10/Image-48-222x300.png 222w" sizes="auto, (max-width: 228px) 100vw, 228px" /></a></li>
<li><em><strong>Fidélie et Annabelle</strong></em><em>,</em> Brigitte Marleau, collection « Au coeur des différences », Boomerang Editeur jeunesse. <strong><em>Dominique</em></strong><a href="http://www.vallelian.net/sps/wordpress/wp-content/uploads/2011/10/Image-49.png"><img loading="lazy" decoding="async" class="aligncenter size-full wp-image-1816" title="Image 49" src="http://www.vallelian.net/sps/wordpress/wp-content/uploads/2011/10/Image-49.png" alt="" width="302" height="277" srcset="http://www.spsressources.ch/wordpress/wp-content/uploads/2011/10/Image-49.png 302w, http://www.spsressources.ch/wordpress/wp-content/uploads/2011/10/Image-49-300x275.png 300w" sizes="auto, (max-width: 302px) 100vw, 302px" /></a></li>
</ul>
<p>&nbsp;</p>
<ul>
<li><strong>Un petit frère pas comme les autres</strong>, édition Bayar Poche -petit livre de poche, 45 p. + illustrations.</li>
</ul>
<p><strong><em><br />
</em></strong></p>
<ul>
<li> <strong>Triso Mike</strong> (2005), Charlotte Mollet, Ed. Thierry Magnier. EE et 1P. Vraiment pas terrible !! <strong><em>Véronique</em></strong><a href="http://www.vallelian.net/sps/wordpress/wp-content/uploads/2011/10/Image-511.png"><img loading="lazy" decoding="async" class="aligncenter size-full wp-image-1820" title="Image 51" src="http://www.vallelian.net/sps/wordpress/wp-content/uploads/2011/10/Image-511.png" alt="" width="215" height="303" srcset="http://www.spsressources.ch/wordpress/wp-content/uploads/2011/10/Image-511.png 215w, http://www.spsressources.ch/wordpress/wp-content/uploads/2011/10/Image-511-212x300.png 212w" sizes="auto, (max-width: 215px) 100vw, 215px" /></a></li>
</ul>

<p>Trisomie 21 Une petite sœur particulière (2007) Claude Helft et Madeleine Brunelet, Actes Sud Junior. Petit livre de poche, 76 p. Dès 10 ans, quelques illustrations, « roman » à lire ou à raconter. Véronique  Un petit frère pas comme les autres  Marie-Hélène Delval/Susan Varley, Bayard &hellip; <a href="http://www.spsressources.ch/wordpress/?page_id=477">Continuer la lecture <span class="meta-nav">&rarr;</span></a></p>
