{"id":4324,"date":"2012-08-29T17:13:55","date_gmt":"2012-08-29T17:13:55","guid":{"rendered":"http:\/\/www.spsressources.ch\/wordpress\/?page_id=4324"},"modified":"2013-12-17T14:29:09","modified_gmt":"2013-12-17T14:29:09","slug":"les-livrets","status":"publish","type":"page","link":"http:\/\/www.spsressources.ch\/wordpress\/?page_id=4324","title":{"rendered":"Cahier des livrets"},"content":{"rendered":"<p style=\"text-align: center;\">Cahier aide-m\u00e9moire visuel des livrets<\/p>\n<p style=\"text-align: left;\"><a href=\"http:\/\/www.spsressources.ch\/wordpress\/wp-content\/uploads\/2012\/08\/Capture-d%E2%80%99%C3%A9cran-2012-08-29-%C3%A0-21.55.02.png\"><img loading=\"lazy\" decoding=\"async\" class=\"aligncenter size-full wp-image-4366\" title=\"Capture d\u2019\u00e9cran 2012-08-29 \u00e0 21.55.02\" src=\"http:\/\/www.spsressources.ch\/wordpress\/wp-content\/uploads\/2012\/08\/Capture-d%E2%80%99%C3%A9cran-2012-08-29-%C3%A0-21.55.02.png\" alt=\"\" width=\"306\" height=\"213\" \/><\/a><br \/>\n(Voir aussi les tableaux des livrets <a href=\"http:\/\/www.spsressources.ch\/wordpress\/?page_id=9660\">en cliquant ici)<\/a><\/p>\n<p style=\"text-align: center;\">\n<p style=\"text-align: center;\">\n<p style=\"text-align: center;\"><a href=\"http:\/\/www.spsressources.ch\/wordpress\/wp-content\/uploads\/2012\/08\/Capture-d%E2%80%99%C3%A9cran-2012-08-29-%C3%A0-21.54.58.png\"><img loading=\"lazy\" decoding=\"async\" class=\"aligncenter size-full wp-image-4367\" title=\"Capture d\u2019\u00e9cran 2012-08-29 \u00e0 21.54.58\" src=\"http:\/\/www.spsressources.ch\/wordpress\/wp-content\/uploads\/2012\/08\/Capture-d%E2%80%99%C3%A9cran-2012-08-29-%C3%A0-21.54.58.png\" alt=\"\" width=\"309\" height=\"202\" \/><\/a><\/p>\n<p style=\"text-align: center;\">Il suffit d&rsquo;imprimer les pages ci-dessous et de d\u00e9couper le bord de mani\u00e8re \u00e0 cr\u00e9er des onglets !<a href=\"http:\/\/www.spsressources.ch\/wordpress\/wp-content\/uploads\/2012\/08\/Capture-d%E2%80%99%C3%A9cran-2012-08-29-%C3%A0-21.54.51.png\"><img loading=\"lazy\" decoding=\"async\" class=\"aligncenter size-full wp-image-4368\" title=\"Capture d\u2019\u00e9cran 2012-08-29 \u00e0 21.54.51\" src=\"http:\/\/www.spsressources.ch\/wordpress\/wp-content\/uploads\/2012\/08\/Capture-d%E2%80%99%C3%A9cran-2012-08-29-%C3%A0-21.54.51.png\" alt=\"\" width=\"261\" height=\"145\" \/><\/a><\/p>\n<p>&nbsp;<\/p>\n<p style=\"text-align: center;\"><a href=\"http:\/\/www.spsressources.ch\/wordpress\/wp-content\/uploads\/2012\/08\/petit-livret-1.pdf\">Cliquez ici pour t\u00e9l\u00e9charger le livret du 1<\/a><br \/>\n<a href=\"http:\/\/www.spsressources.ch\/wordpress\/wp-content\/uploads\/2012\/08\/Capture-d%E2%80%99%C3%A9cran-2012-08-29-%C3%A0-19.17.55.png\"><img loading=\"lazy\" decoding=\"async\" class=\"aligncenter size-full wp-image-4346\" title=\"Capture d\u2019\u00e9cran 2012-08-29 \u00e0 19.17.55\" src=\"http:\/\/www.spsressources.ch\/wordpress\/wp-content\/uploads\/2012\/08\/Capture-d%E2%80%99%C3%A9cran-2012-08-29-%C3%A0-19.17.55.png\" alt=\"\" width=\"162\" height=\"158\" \/><\/a><\/p>\n<p style=\"text-align: center;\"><a href=\"http:\/\/www.spsressources.ch\/wordpress\/wp-content\/uploads\/2012\/08\/livret-du-2-en-petit.pdf\">Cliquez ici pour ouvrir le livret du 2<\/a><\/p>\n<p style=\"text-align: center;\"><img loading=\"lazy\" decoding=\"async\" class=\"aligncenter size-full wp-image-4344\" title=\"Capture d\u2019\u00e9cran 2012-08-29 \u00e0 19.16.28\" src=\"http:\/\/www.spsressources.ch\/wordpress\/wp-content\/uploads\/2012\/08\/Capture-d%E2%80%99%C3%A9cran-2012-08-29-%C3%A0-19.16.28.png\" alt=\"\" width=\"196\" height=\"136\" \/><\/p>\n<p>&nbsp;<\/p>\n<p style=\"text-align: center;\"><a href=\"http:\/\/www.spsressources.ch\/wordpress\/wp-content\/uploads\/2012\/08\/livret-du-3-en-petit.pdf\">Cliquez ici pour ouvrir le livret du 3<\/a><br \/>\n<a href=\"http:\/\/www.spsressources.ch\/wordpress\/wp-content\/uploads\/2012\/08\/Image-37.png\"><img loading=\"lazy\" decoding=\"async\" class=\"aligncenter size-full wp-image-4361\" title=\"Image 37\" src=\"http:\/\/www.spsressources.ch\/wordpress\/wp-content\/uploads\/2012\/08\/Image-37.png\" alt=\"\" width=\"220\" height=\"115\" srcset=\"http:\/\/www.spsressources.ch\/wordpress\/wp-content\/uploads\/2012\/08\/Image-37.png 523w, http:\/\/www.spsressources.ch\/wordpress\/wp-content\/uploads\/2012\/08\/Image-37-300x156.png 300w\" sizes=\"auto, (max-width: 220px) 100vw, 220px\" \/><\/a><\/p>\n<p>&nbsp;<\/p>\n<p style=\"text-align: center;\"><a href=\"http:\/\/www.spsressources.ch\/wordpress\/wp-content\/uploads\/2012\/08\/livret-du-4-en-petit.pdf\">Cliquez ici pour ouvrir le livret du 4 <\/a><\/p>\n<p style=\"text-align: center;\"><a href=\"http:\/\/www.spsressources.ch\/wordpress\/wp-content\/uploads\/2012\/08\/livret-du-5-en-petit.pdf\">Cliquez ici pourouvrir le livret du 5\u00a0<\/a><\/p>\n<p style=\"text-align: center;\"><a href=\"http:\/\/www.spsressources.ch\/wordpress\/wp-content\/uploads\/2012\/08\/livret-du-6-en-petit.pdf\">Cliquez ici pour ouvrir le livret du 6\u00a0<\/a><\/p>\n<p style=\"text-align: center;\"><a href=\"http:\/\/www.spsressources.ch\/wordpress\/wp-content\/uploads\/2012\/08\/livret-du-7-en-petit-no-1.pdf\">Cliquez ici pour ouvrir le livret du 7\u00a0<\/a><\/p>\n<p style=\"text-align: center;\"><a href=\"http:\/\/www.spsressources.ch\/wordpress\/wp-content\/uploads\/2012\/08\/livret-du-8-en-petit-no-1.pdf\">Cliquez ici pour le livret du 8\u00a0<\/a><\/p>\n<p style=\"text-align: center;\"><a href=\"http:\/\/www.spsressources.ch\/wordpress\/wp-content\/uploads\/2012\/08\/livret-du-9-en-petit-no-1.pdf\">Cliquez ici \u00a0pour ouvrir le livret du 9\u00a0<\/a><\/p>\n<p style=\"text-align: center;\"><a href=\"http:\/\/www.spsressources.ch\/wordpress\/wp-content\/uploads\/2012\/08\/livret-du-10-en-petit-no-11.pdf\">lCliquez ic pour ouvrir le livret du 10\u00a0<\/a><\/p>\n<p style=\"text-align: center;\">\n","protected":false},"excerpt":{"rendered":"<p>Cahier aide-m\u00e9moire visuel des livrets (Voir aussi les tableaux des livrets en cliquant ici) Il suffit d&rsquo;imprimer les pages ci-dessous et de d\u00e9couper le bord de mani\u00e8re \u00e0 cr\u00e9er des onglets ! &nbsp; Cliquez ici pour t\u00e9l\u00e9charger le livret du &hellip; <a href=\"http:\/\/www.spsressources.ch\/wordpress\/?page_id=4324\">Continuer la lecture <span class=\"meta-nav\">&rarr;<\/span><\/a><\/p>\n","protected":false},"author":3472,"featured_media":0,"parent":9685,"menu_order":0,"comment_status":"open","ping_status":"closed","template":"","meta":{"footnotes":""},"class_list":["post-4324","page","type-page","status-publish","hentry"],"_links":{"self":[{"href":"http:\/\/www.spsressources.ch\/wordpress\/index.php?rest_route=\/wp\/v2\/pages\/4324","targetHints":{"allow":["GET"]}}],"collection":[{"href":"http:\/\/www.spsressources.ch\/wordpress\/index.php?rest_route=\/wp\/v2\/pages"}],"about":[{"href":"http:\/\/www.spsressources.ch\/wordpress\/index.php?rest_route=\/wp\/v2\/types\/page"}],"author":[{"embeddable":true,"href":"http:\/\/www.spsressources.ch\/wordpress\/index.php?rest_route=\/wp\/v2\/users\/3472"}],"replies":[{"embeddable":true,"href":"http:\/\/www.spsressources.ch\/wordpress\/index.php?rest_route=%2Fwp%2Fv2%2Fcomments&post=4324"}],"version-history":[{"count":45,"href":"http:\/\/www.spsressources.ch\/wordpress\/index.php?rest_route=\/wp\/v2\/pages\/4324\/revisions"}],"predecessor-version":[{"id":4343,"href":"http:\/\/www.spsressources.ch\/wordpress\/index.php?rest_route=\/wp\/v2\/pages\/4324\/revisions\/4343"}],"up":[{"embeddable":true,"href":"http:\/\/www.spsressources.ch\/wordpress\/index.php?rest_route=\/wp\/v2\/pages\/9685"}],"wp:attachment":[{"href":"http:\/\/www.spsressources.ch\/wordpress\/index.php?rest_route=%2Fwp%2Fv2%2Fmedia&parent=4324"}],"curies":[{"name":"wp","href":"https:\/\/api.w.org\/{rel}","templated":true}]}}