{"id":2464,"date":"2011-12-10T17:09:16","date_gmt":"2011-12-10T17:09:16","guid":{"rendered":"http:\/\/www.vallelian.net\/sps\/wordpress\/?page_id=2464"},"modified":"2015-10-08T12:35:47","modified_gmt":"2015-10-08T12:35:47","slug":"additions-de-fraction-lorsque-les-denominateurs-sont-differents","status":"publish","type":"page","link":"http:\/\/www.spsressources.ch\/wordpress\/?page_id=2464","title":{"rendered":"Addition de fractions lorsque les d\u00e9nominateurs sont diff\u00e9rents"},"content":{"rendered":"<p>Cette carte format A5 a \u00e9t\u00e9 plastifi\u00e9e fait partie de la s\u00e9rie\u00a0<a href=\"http:\/\/www.spsressources.ch\/wordpress\/?page_id=2461\">de cartes-support \u00e0 la r\u00e9alisation de fractions<\/a>\u00a0\u00a0pour aider \u00e0 r\u00e9aliser des fractions dont les d\u00e9nominateurs sont diff\u00e9rents :<\/p>\n<p style=\"text-align: left;\">\u00a0de fractions dont les d\u00e9nominateurs sont diff\u00e9rents :<\/p>\n<p style=\"text-align: center;\">la carte mod\u00e8le :<a href=\"http:\/\/www.vallelian.net\/sps\/wordpress\/wp-content\/uploads\/2011\/12\/Capture-d\u2019\u00e9cran-2011-12-10-\u00e0-17.24.10.png\"><br \/>\n<\/a>La carte pour r\u00e9aliser l&rsquo;addition au stylo effa\u00e7able :<\/p>\n<p style=\"text-align: center;\"><img loading=\"lazy\" decoding=\"async\" class=\"alignnone size-full wp-image-13285\" title=\"Capture d\u2019e\u0301cran 2015-10-08 a\u0300 14.21.15\" src=\"http:\/\/www.spsressources.ch\/wordpress\/wp-content\/uploads\/2011\/12\/Capture-d\u2019e\u0301cran-2015-10-08-a\u0300-14.21.151.png\" alt=\"\" width=\"267\" height=\"225\" \/><\/p>\n<p style=\"text-align: center;\">L&rsquo;enfant peut ensuite r\u00e9aliser l&rsquo;addition avec le stylo effa\u00e7able :<\/p>\n<p style=\"text-align: center;\"><a href=\"http:\/\/www.spsressources.ch\/wordpress\/wp-content\/uploads\/2011\/12\/exemple-+-frac-d\u00e9n-diff.pdf\">Cliquez ici pour t\u00e9l\u00e9charger \u00ab\u00a0la carte exemple\u00a0\u00bb \u00e0 l&rsquo;addition de fractions dont le d\u00e9nominteur est diff\u00e9rent\u00a0<\/a><\/p>\n<p><img loading=\"lazy\" decoding=\"async\" class=\"size-full wp-image-13280 aligncenter\" style=\"line-height: 24px; font-size: 16px;\" title=\"Capture d\u2019e\u0301cran 2015-10-08 a\u0300 14.17.08\" src=\"http:\/\/www.spsressources.ch\/wordpress\/wp-content\/uploads\/2011\/12\/Capture-d\u2019e\u0301cran-2015-10-08-a\u0300-14.17.08.png\" alt=\"\" width=\"460\" height=\"315\" srcset=\"http:\/\/www.spsressources.ch\/wordpress\/wp-content\/uploads\/2011\/12\/Capture-d\u2019e\u0301cran-2015-10-08-a\u0300-14.17.08.png 767w, http:\/\/www.spsressources.ch\/wordpress\/wp-content\/uploads\/2011\/12\/Capture-d\u2019e\u0301cran-2015-10-08-a\u0300-14.17.08-300x205.png 300w\" sizes=\"auto, (max-width: 460px) 100vw, 460px\" \/><\/p>\n<p style=\"text-align: center;\"><a href=\"http:\/\/www.spsressources.ch\/wordpress\/wp-content\/uploads\/2011\/12\/fractions-addition-d\u00e9nominateurs-diff\u00e9rents.pdf\">Cliquez ici pour t\u00e9l\u00e9charger la carte pour r\u00e9aliser l&rsquo;addition de fractions dont les \u00a0d\u00e9nominateurs sont diff\u00e9rents<\/a><br \/>\n<a href=\"http:\/\/www.spsressources.ch\/wordpress\/wp-content\/uploads\/2011\/12\/fractions-addition-d%C3%A9nominateurs-diff%C3%A9rents.pdf\"><img loading=\"lazy\" decoding=\"async\" class=\"alignnone size-full wp-image-13282\" title=\"Capture d\u2019e\u0301cran 2015-10-08 a\u0300 14.17.18\" src=\"http:\/\/www.spsressources.ch\/wordpress\/wp-content\/uploads\/2011\/12\/Capture-d\u2019e\u0301cran-2015-10-08-a\u0300-14.17.18.png\" alt=\"\" width=\"464\" height=\"319\" srcset=\"http:\/\/www.spsressources.ch\/wordpress\/wp-content\/uploads\/2011\/12\/Capture-d\u2019e\u0301cran-2015-10-08-a\u0300-14.17.18.png 773w, http:\/\/www.spsressources.ch\/wordpress\/wp-content\/uploads\/2011\/12\/Capture-d\u2019e\u0301cran-2015-10-08-a\u0300-14.17.18-300x206.png 300w\" sizes=\"auto, (max-width: 464px) 100vw, 464px\" \/><\/a><\/p>\n","protected":false},"excerpt":{"rendered":"<p>Cette carte format A5 a \u00e9t\u00e9 plastifi\u00e9e fait partie de la s\u00e9rie\u00a0de cartes-support \u00e0 la r\u00e9alisation de fractions\u00a0\u00a0pour aider \u00e0 r\u00e9aliser des fractions dont les d\u00e9nominateurs sont diff\u00e9rents : \u00a0de fractions dont les d\u00e9nominateurs sont diff\u00e9rents : la carte mod\u00e8le &hellip; <a href=\"http:\/\/www.spsressources.ch\/wordpress\/?page_id=2464\">Continuer la lecture <span class=\"meta-nav\">&rarr;<\/span><\/a><\/p>\n","protected":false},"author":3472,"featured_media":0,"parent":2907,"menu_order":0,"comment_status":"open","ping_status":"closed","template":"","meta":{"footnotes":""},"class_list":["post-2464","page","type-page","status-publish","hentry"],"_links":{"self":[{"href":"http:\/\/www.spsressources.ch\/wordpress\/index.php?rest_route=\/wp\/v2\/pages\/2464","targetHints":{"allow":["GET"]}}],"collection":[{"href":"http:\/\/www.spsressources.ch\/wordpress\/index.php?rest_route=\/wp\/v2\/pages"}],"about":[{"href":"http:\/\/www.spsressources.ch\/wordpress\/index.php?rest_route=\/wp\/v2\/types\/page"}],"author":[{"embeddable":true,"href":"http:\/\/www.spsressources.ch\/wordpress\/index.php?rest_route=\/wp\/v2\/users\/3472"}],"replies":[{"embeddable":true,"href":"http:\/\/www.spsressources.ch\/wordpress\/index.php?rest_route=%2Fwp%2Fv2%2Fcomments&post=2464"}],"version-history":[{"count":48,"href":"http:\/\/www.spsressources.ch\/wordpress\/index.php?rest_route=\/wp\/v2\/pages\/2464\/revisions"}],"predecessor-version":[{"id":2470,"href":"http:\/\/www.spsressources.ch\/wordpress\/index.php?rest_route=\/wp\/v2\/pages\/2464\/revisions\/2470"}],"up":[{"embeddable":true,"href":"http:\/\/www.spsressources.ch\/wordpress\/index.php?rest_route=\/wp\/v2\/pages\/2907"}],"wp:attachment":[{"href":"http:\/\/www.spsressources.ch\/wordpress\/index.php?rest_route=%2Fwp%2Fv2%2Fmedia&parent=2464"}],"curies":[{"name":"wp","href":"https:\/\/api.w.org\/{rel}","templated":true}]}}

Addition de fractions lorsque les dénominateurs sont différents

<p>Cette carte format A5 a été plastifiée fait partie de la série <a href="http://www.spsressources.ch/wordpress/?page_id=2461">de cartes-support à la réalisation de fractions</a>  pour aider à réaliser des fractions dont les dénominateurs sont différents :</p>
<p style="text-align: left;"> de fractions dont les dénominateurs sont différents :</p>
<p style="text-align: center;">la carte modèle :<a href="http://www.vallelian.net/sps/wordpress/wp-content/uploads/2011/12/Capture-d’écran-2011-12-10-à-17.24.10.png"><br />
</a>La carte pour réaliser l&rsquo;addition au stylo effaçable :</p>
<p style="text-align: center;"><img loading="lazy" decoding="async" class="alignnone size-full wp-image-13285" title="Capture d’écran 2015-10-08 à 14.21.15" src="http://www.spsressources.ch/wordpress/wp-content/uploads/2011/12/Capture-d’écran-2015-10-08-à-14.21.151.png" alt="" width="267" height="225" /></p>
<p style="text-align: center;">L&rsquo;enfant peut ensuite réaliser l&rsquo;addition avec le stylo effaçable :</p>
<p style="text-align: center;"><a href="http://www.spsressources.ch/wordpress/wp-content/uploads/2011/12/exemple-+-frac-dén-diff.pdf">Cliquez ici pour télécharger « la carte exemple » à l&rsquo;addition de fractions dont le dénominteur est différent </a></p>
<p><img loading="lazy" decoding="async" class="size-full wp-image-13280 aligncenter" style="line-height: 24px; font-size: 16px;" title="Capture d’écran 2015-10-08 à 14.17.08" src="http://www.spsressources.ch/wordpress/wp-content/uploads/2011/12/Capture-d’écran-2015-10-08-à-14.17.08.png" alt="" width="460" height="315" srcset="http://www.spsressources.ch/wordpress/wp-content/uploads/2011/12/Capture-d’écran-2015-10-08-à-14.17.08.png 767w, http://www.spsressources.ch/wordpress/wp-content/uploads/2011/12/Capture-d’écran-2015-10-08-à-14.17.08-300x205.png 300w" sizes="auto, (max-width: 460px) 100vw, 460px" /></p>
<p style="text-align: center;"><a href="http://www.spsressources.ch/wordpress/wp-content/uploads/2011/12/fractions-addition-dénominateurs-différents.pdf">Cliquez ici pour télécharger la carte pour réaliser l&rsquo;addition de fractions dont les  dénominateurs sont différents</a><br />
<a href="http://www.spsressources.ch/wordpress/wp-content/uploads/2011/12/fractions-addition-d%C3%A9nominateurs-diff%C3%A9rents.pdf"><img loading="lazy" decoding="async" class="alignnone size-full wp-image-13282" title="Capture d’écran 2015-10-08 à 14.17.18" src="http://www.spsressources.ch/wordpress/wp-content/uploads/2011/12/Capture-d’écran-2015-10-08-à-14.17.18.png" alt="" width="464" height="319" srcset="http://www.spsressources.ch/wordpress/wp-content/uploads/2011/12/Capture-d’écran-2015-10-08-à-14.17.18.png 773w, http://www.spsressources.ch/wordpress/wp-content/uploads/2011/12/Capture-d’écran-2015-10-08-à-14.17.18-300x206.png 300w" sizes="auto, (max-width: 464px) 100vw, 464px" /></a></p>

<p>Cette carte format A5 a été plastifiée fait partie de la série de cartes-support à la réalisation de fractions  pour aider à réaliser des fractions dont les dénominateurs sont différents :  de fractions dont les dénominateurs sont différents : la carte modèle &hellip; <a href="http://www.spsressources.ch/wordpress/?page_id=2464">Continuer la lecture <span class="meta-nav">&rarr;</span></a></p>
