{"id":12581,"date":"2015-04-01T14:53:37","date_gmt":"2015-04-01T14:53:37","guid":{"rendered":"http:\/\/www.spsressources.ch\/wordpress\/?page_id=12581"},"modified":"2015-04-01T14:58:26","modified_gmt":"2015-04-01T14:58:26","slug":"autistes-une-place-parmi-les-autres","status":"publish","type":"page","link":"http:\/\/www.spsressources.ch\/wordpress\/?page_id=12581","title":{"rendered":"Autistes : une place parmi les autres"},"content":{"rendered":"<p><a href=\"http:\/\/future.arte.tv\/fr\/autisme\">Cliquez ici pour visionner <\/a><a href=\"http:\/\/future.arte.tv\/fr\/autisme\">le<strong>\u00a0documentaire de Marina Julienne et Martin Blanchard (France, 2014, 1h31mn) :\u00a0Mardi 31 mars \u00e0 22h50 sur ARTE<\/strong><\/a><\/p>\n<div><strong><br \/>\n<\/strong><\/div>\n<p>diffus\u00e9e sur ARTE, le 31 mars 2015<a href=\"http:\/\/future.arte.tv\/fr\/autisme\"><img loading=\"lazy\" decoding=\"async\" class=\"alignnone size-medium wp-image-12582\" title=\"Image 140\" src=\"http:\/\/www.spsressources.ch\/wordpress\/wp-content\/uploads\/2015\/04\/Image-140-300x159.png\" alt=\"\" width=\"300\" height=\"159\" srcset=\"http:\/\/www.spsressources.ch\/wordpress\/wp-content\/uploads\/2015\/04\/Image-140-300x159.png 300w, http:\/\/www.spsressources.ch\/wordpress\/wp-content\/uploads\/2015\/04\/Image-140.png 531w\" sizes=\"auto, (max-width: 300px) 100vw, 300px\" \/><\/a><\/p>\n<p>&nbsp;<\/p>\n<p>Maladie, handicap ou mani\u00e8re diff\u00e9rente d\u2019\u00eatre\u00a0? Si la d\u00e9finition m\u00eame de l\u2019autisme, trouble envahissant du d\u00e9veloppement (TED), suscite encore le d\u00e9bat, les personnes qui en sont atteintes devront vivre avec\u00a0: il n\u2019existe pour l&rsquo;instant aucun rem\u00e8de. D\u00e8s lors, comment les accompagner, elles et leurs familles, et les int\u00e9grer afin de leur permettre de devenir des adultes autonomes ? De la France, en retard, \u00e0 la Su\u00e8de, en pointe, une passionnante enqu\u00eate dans cinq pays aupr\u00e8s de tous les acteurs de ce trouble qui demeure une \u00e9nigme.<\/p>\n<p><span style=\"color: #000000;\"><strong><br \/>\n<\/strong><\/span><\/p>\n","protected":false},"excerpt":{"rendered":"<p>Cliquez ici pour visionner le\u00a0documentaire de Marina Julienne et Martin Blanchard (France, 2014, 1h31mn) :\u00a0Mardi 31 mars \u00e0 22h50 sur ARTE diffus\u00e9e sur ARTE, le 31 mars 2015 &nbsp; Maladie, handicap ou mani\u00e8re diff\u00e9rente d\u2019\u00eatre\u00a0? Si la d\u00e9finition m\u00eame de &hellip; <a href=\"http:\/\/www.spsressources.ch\/wordpress\/?page_id=12581\">Continuer la lecture <span class=\"meta-nav\">&rarr;<\/span><\/a><\/p>\n","protected":false},"author":3472,"featured_media":0,"parent":4042,"menu_order":0,"comment_status":"open","ping_status":"closed","template":"","meta":{"footnotes":""},"class_list":["post-12581","page","type-page","status-publish","hentry"],"_links":{"self":[{"href":"http:\/\/www.spsressources.ch\/wordpress\/index.php?rest_route=\/wp\/v2\/pages\/12581","targetHints":{"allow":["GET"]}}],"collection":[{"href":"http:\/\/www.spsressources.ch\/wordpress\/index.php?rest_route=\/wp\/v2\/pages"}],"about":[{"href":"http:\/\/www.spsressources.ch\/wordpress\/index.php?rest_route=\/wp\/v2\/types\/page"}],"author":[{"embeddable":true,"href":"http:\/\/www.spsressources.ch\/wordpress\/index.php?rest_route=\/wp\/v2\/users\/3472"}],"replies":[{"embeddable":true,"href":"http:\/\/www.spsressources.ch\/wordpress\/index.php?rest_route=%2Fwp%2Fv2%2Fcomments&post=12581"}],"version-history":[{"count":4,"href":"http:\/\/www.spsressources.ch\/wordpress\/index.php?rest_route=\/wp\/v2\/pages\/12581\/revisions"}],"predecessor-version":[{"id":12586,"href":"http:\/\/www.spsressources.ch\/wordpress\/index.php?rest_route=\/wp\/v2\/pages\/12581\/revisions\/12586"}],"up":[{"embeddable":true,"href":"http:\/\/www.spsressources.ch\/wordpress\/index.php?rest_route=\/wp\/v2\/pages\/4042"}],"wp:attachment":[{"href":"http:\/\/www.spsressources.ch\/wordpress\/index.php?rest_route=%2Fwp%2Fv2%2Fmedia&parent=12581"}],"curies":[{"name":"wp","href":"https:\/\/api.w.org\/{rel}","templated":true}]}}

<p><a href="http://future.arte.tv/fr/autisme">Cliquez ici pour visionner </a><a href="http://future.arte.tv/fr/autisme">le<strong> documentaire de Marina Julienne et Martin Blanchard (France, 2014, 1h31mn) : Mardi 31 mars à 22h50 sur ARTE</strong></a></p>
<div><strong><br />
</strong></div>
<p>diffusée sur ARTE, le 31 mars 2015<a href="http://future.arte.tv/fr/autisme"><img loading="lazy" decoding="async" class="alignnone size-medium wp-image-12582" title="Image 140" src="http://www.spsressources.ch/wordpress/wp-content/uploads/2015/04/Image-140-300x159.png" alt="" width="300" height="159" srcset="http://www.spsressources.ch/wordpress/wp-content/uploads/2015/04/Image-140-300x159.png 300w, http://www.spsressources.ch/wordpress/wp-content/uploads/2015/04/Image-140.png 531w" sizes="auto, (max-width: 300px) 100vw, 300px" /></a></p>
<p>&nbsp;</p>
<p>Maladie, handicap ou manière différente d’être ? Si la définition même de l’autisme, trouble envahissant du développement (TED), suscite encore le débat, les personnes qui en sont atteintes devront vivre avec : il n’existe pour l&rsquo;instant aucun remède. Dès lors, comment les accompagner, elles et leurs familles, et les intégrer afin de leur permettre de devenir des adultes autonomes ? De la France, en retard, à la Suède, en pointe, une passionnante enquête dans cinq pays auprès de tous les acteurs de ce trouble qui demeure une énigme.</p>
<p><span style="color: #000000;"><strong><br />
</strong></span></p>

<p>Cliquez ici pour visionner le documentaire de Marina Julienne et Martin Blanchard (France, 2014, 1h31mn) : Mardi 31 mars à 22h50 sur ARTE diffusée sur ARTE, le 31 mars 2015 &nbsp; Maladie, handicap ou manière différente d’être ? Si la définition même de &hellip; <a href="http://www.spsressources.ch/wordpress/?page_id=12581">Continuer la lecture <span class="meta-nav">&rarr;</span></a></p>
