{"id":1079,"date":"2011-11-04T23:29:51","date_gmt":"2011-11-04T23:29:51","guid":{"rendered":"http:\/\/www.vallelian.net\/sps\/wordpress\/?page_id=1079"},"modified":"2019-04-02T19:34:02","modified_gmt":"2019-04-02T19:34:02","slug":"ecriture","status":"publish","type":"page","link":"http:\/\/www.spsressources.ch\/wordpress\/?page_id=1079","title":{"rendered":"\u00e9criture"},"content":{"rendered":"<p style=\"text-align: left;\"><strong>Le cahier pour exercer l\u2019\u00e9criture script<a href=\"http:\/\/www.vallelian.net\/sps\/wordpress\/wp-content\/uploads\/2011\/11\/Image-191.png\"><br \/>\n<\/a><\/strong><\/p>\n<p style=\"text-align: center;\"><span class=\"Apple-style-span\" style=\"color: #000000; font-family: Georgia, 'Times New Roman', 'Bitstream Charter', Times, serif; font-size: 12px; line-height: 18px;\"><img loading=\"lazy\" decoding=\"async\" class=\"alignnone  wp-image-13028\" title=\"Image 81\" src=\"http:\/\/www.spsressources.ch\/wordpress\/wp-content\/uploads\/2011\/11\/Image-811.png\" alt=\"\" width=\"508\" height=\"718\" srcset=\"http:\/\/www.spsressources.ch\/wordpress\/wp-content\/uploads\/2011\/11\/Image-811.png 492w, http:\/\/www.spsressources.ch\/wordpress\/wp-content\/uploads\/2011\/11\/Image-811-212x300.png 212w\" sizes=\"auto, (max-width: 508px) 100vw, 508px\" \/><img loading=\"lazy\" decoding=\"async\" class=\"size-medium wp-image-12879\" title=\"Image 14\" src=\"http:\/\/www.spsressources.ch\/wordpress\/wp-content\/uploads\/2011\/11\/Image-141-222x300.png\" alt=\"\" width=\"178\" height=\"240\" srcset=\"http:\/\/www.spsressources.ch\/wordpress\/wp-content\/uploads\/2011\/11\/Image-141-222x300.png 222w, http:\/\/www.spsressources.ch\/wordpress\/wp-content\/uploads\/2011\/11\/Image-141.png 579w\" sizes=\"auto, (max-width: 178px) 100vw, 178px\" \/><\/span><\/p>\n<p>&nbsp;<\/p>\n<p>Le mat\u00e9riel scolaire officiel propose un cahier pour exercer l\u2019\u00e9criture li\u00e9e.<\/p>\n<p>Certains enfants n\u2019utilisent que l\u2019\u00e9criture en script qui est plus accessible. Voici\u00a0un cahier con\u00e7u pour exercer l\u2019\u00e9criture script dont les lignes en couleurs faciliteront leur rep\u00e9rage (lien pour t\u00e9l\u00e9charger les pages en bas de page).<\/p>\n<p style=\"text-align: left;\">La lettre alpha \u00a0en bas de chaque page \u00a0indique \u00a0le son associ\u00e9 selon la m\u00e9thode ABC boum.<\/p>\n<ul>\n<li style=\"list-style-type: none;\">\n<ul>\n<li><a href=\"http:\/\/www.spsressources.ch\/wordpress\/wp-content\/uploads\/2011\/11\/\u00e9criture-a-b-c-d-e-f.pdf\">\u00a0a b c d e f<\/a><\/li>\n<li><a href=\"http:\/\/www.spsressources.ch\/wordpress\/wp-content\/uploads\/2011\/11\/g-h-i-j-k-l-m-1.pdf\">g h i j k l m<\/a><br \/>\n<a href=\"http:\/\/www.spsressources.ch\/wordpress\/wp-content\/uploads\/2011\/11\/n-o-p-q-r-s-1.pdf\">n o p q r s<\/a><\/li>\n<li><a href=\"http:\/\/www.spsressources.ch\/wordpress\/wp-content\/uploads\/2011\/11\/t-u-v-w-x-y-z.pdf\">t u v w x y z<\/a><\/li>\n<\/ul>\n<\/li>\n<\/ul>\n<div><\/div>\n<div><span class=\"Apple-style-span\" style=\"font-size: 16px; line-height: 24px;\"><br \/>\n<\/span><\/div>\n","protected":false},"excerpt":{"rendered":"<p>Le cahier pour exercer l\u2019\u00e9criture script &nbsp; Le mat\u00e9riel scolaire officiel propose un cahier pour exercer l\u2019\u00e9criture li\u00e9e. Certains enfants n\u2019utilisent que l\u2019\u00e9criture en script qui est plus accessible. Voici\u00a0un cahier con\u00e7u pour exercer l\u2019\u00e9criture script dont les lignes en &hellip; <a href=\"http:\/\/www.spsressources.ch\/wordpress\/?page_id=1079\">Continuer la lecture <span class=\"meta-nav\">&rarr;<\/span><\/a><\/p>\n","protected":false},"author":3472,"featured_media":0,"parent":207,"menu_order":0,"comment_status":"open","ping_status":"closed","template":"","meta":{"footnotes":""},"class_list":["post-1079","page","type-page","status-publish","hentry"],"_links":{"self":[{"href":"http:\/\/www.spsressources.ch\/wordpress\/index.php?rest_route=\/wp\/v2\/pages\/1079","targetHints":{"allow":["GET"]}}],"collection":[{"href":"http:\/\/www.spsressources.ch\/wordpress\/index.php?rest_route=\/wp\/v2\/pages"}],"about":[{"href":"http:\/\/www.spsressources.ch\/wordpress\/index.php?rest_route=\/wp\/v2\/types\/page"}],"author":[{"embeddable":true,"href":"http:\/\/www.spsressources.ch\/wordpress\/index.php?rest_route=\/wp\/v2\/users\/3472"}],"replies":[{"embeddable":true,"href":"http:\/\/www.spsressources.ch\/wordpress\/index.php?rest_route=%2Fwp%2Fv2%2Fcomments&post=1079"}],"version-history":[{"count":56,"href":"http:\/\/www.spsressources.ch\/wordpress\/index.php?rest_route=\/wp\/v2\/pages\/1079\/revisions"}],"predecessor-version":[{"id":16083,"href":"http:\/\/www.spsressources.ch\/wordpress\/index.php?rest_route=\/wp\/v2\/pages\/1079\/revisions\/16083"}],"up":[{"embeddable":true,"href":"http:\/\/www.spsressources.ch\/wordpress\/index.php?rest_route=\/wp\/v2\/pages\/207"}],"wp:attachment":[{"href":"http:\/\/www.spsressources.ch\/wordpress\/index.php?rest_route=%2Fwp%2Fv2%2Fmedia&parent=1079"}],"curies":[{"name":"wp","href":"https:\/\/api.w.org\/{rel}","templated":true}]}}